{"id":12798,"date":"2020-03-19T17:30:39","date_gmt":"2020-03-19T17:30:39","guid":{"rendered":"https:\/\/twsites.com.br\/novomigcenter\/?product=vitrine-estufa-premium-polo-frio"},"modified":"2020-03-19T17:30:39","modified_gmt":"2020-03-19T17:30:39","slug":"vitrine-estufa-premium-polo-frio","status":"publish","type":"product","link":"https:\/\/twsites.com.br\/novomigcenter\/?product=vitrine-estufa-premium-polo-frio","title":{"rendered":"Vitrine Estufa Premium"},"content":{"rendered":"<p><strong>Principais Caracter\u00edsticas:<\/strong><\/p>\n<p>Aquecimento e exposi\u00e7\u00e3o de salgados;<\/p>\n<p>Controle de temperatura: Termostato;<\/p>\n<p>Aquecimento: Resist\u00eancia;<\/p>\n<p>2 n\u00edveis de prateleiras;<\/p>\n<p>Portas de correr em vidro;<\/p>\n<p>P\u00e9s regul\u00e1veis;<\/p>\n<p>Lateral em Vacuum Form;<\/p>\n<p>Saia frontal em inox.<\/p>\n<p> <strong>Opcionais:<\/strong><\/p>\n<p>LED (Interna) com interruptor;&nbsp;<\/p>\n<p>Porta branca linha refrigerada;<\/p>\n<p>Tamanhos Dispon\u00edveis: 0.85m,1.25m<\/p>\n<p>OP\u00c7\u00d5ES DE CORES: <\/p>\n<p><img decoding=\"async\" style=\"width: 218px;\" src=\"http:\/\/www.migcenter.com.br\/image\/catalog\/Polo frio\/Scripts\/Captura de Tela 2020-03-19 a\u0300s 15.40.14.png\"><\/p>\n<p><strong><\/strong><\/p>\n","protected":false},"excerpt":{"rendered":"<p>Principais Caracter\u00edsticas: Aquecimento e exposi\u00e7\u00e3o de salgados; Controle de temperatura: Termostato; Aquecimento: Resist\u00eancia; 2 n\u00edveis de prateleiras; Portas de correr em vidro; P\u00e9s regul\u00e1veis; Lateral em Vacuum Form; Saia frontal em inox. Opcionais: LED (Interna) com interruptor;&nbsp; Porta branca linha refrigerada; Tamanhos Dispon\u00edveis: 0.85m,1.25m OP\u00c7\u00d5ES DE CORES:<\/p>\n","protected":false},"featured_media":12797,"comment_status":"open","ping_status":"closed","template":"","meta":[],"product_brand":[],"product_cat":[321],"product_tag":[],"class_list":{"0":"post-12798","1":"product","2":"type-product","3":"status-publish","4":"has-post-thumbnail","6":"product_cat-balcao-estufa","8":"first","9":"instock","10":"shipping-taxable","11":"purchasable","12":"product-type-simple"},"_links":{"self":[{"href":"https:\/\/twsites.com.br\/novomigcenter\/index.php?rest_route=\/wp\/v2\/product\/12798","targetHints":{"allow":["GET"]}}],"collection":[{"href":"https:\/\/twsites.com.br\/novomigcenter\/index.php?rest_route=\/wp\/v2\/product"}],"about":[{"href":"https:\/\/twsites.com.br\/novomigcenter\/index.php?rest_route=\/wp\/v2\/types\/product"}],"replies":[{"embeddable":true,"href":"https:\/\/twsites.com.br\/novomigcenter\/index.php?rest_route=%2Fwp%2Fv2%2Fcomments&post=12798"}],"wp:featuredmedia":[{"embeddable":true,"href":"https:\/\/twsites.com.br\/novomigcenter\/index.php?rest_route=\/wp\/v2\/media\/12797"}],"wp:attachment":[{"href":"https:\/\/twsites.com.br\/novomigcenter\/index.php?rest_route=%2Fwp%2Fv2%2Fmedia&parent=12798"}],"wp:term":[{"taxonomy":"product_brand","embeddable":true,"href":"https:\/\/twsites.com.br\/novomigcenter\/index.php?rest_route=%2Fwp%2Fv2%2Fproduct_brand&post=12798"},{"taxonomy":"product_cat","embeddable":true,"href":"https:\/\/twsites.com.br\/novomigcenter\/index.php?rest_route=%2Fwp%2Fv2%2Fproduct_cat&post=12798"},{"taxonomy":"product_tag","embeddable":true,"href":"https:\/\/twsites.com.br\/novomigcenter\/index.php?rest_route=%2Fwp%2Fv2%2Fproduct_tag&post=12798"}],"curies":[{"name":"wp","href":"https:\/\/api.w.org\/{rel}","templated":true}]}}