{"id":12841,"date":"2020-04-03T16:19:11","date_gmt":"2020-04-03T16:19:11","guid":{"rendered":"https:\/\/twsites.com.br\/novomigcenter\/?product=sanduicheira-eletrica-progas-pr-700-e"},"modified":"2020-04-03T16:19:11","modified_gmt":"2020-04-03T16:19:11","slug":"sanduicheira-eletrica-progas-pr-700-e","status":"publish","type":"product","link":"https:\/\/twsites.com.br\/novomigcenter\/?product=sanduicheira-eletrica-progas-pr-700-e","title":{"rendered":"Sanduicheira El\u00e9trica Conjugada 70&#215;40"},"content":{"rendered":"<p style=\"box-sizing: inherit; margin-bottom: 14px; font-family: Roboto, sans-serif; padding: 0px; outline: 0px; border: 0px; position: static; color: rgb(112, 112, 112); font-size: 16px;\"><span style=\"box-sizing: inherit; font-family: inherit; margin: 0px; padding: 0px; outline: 0px; font-size: 18px; color: inherit !important;\"><span style=\"box-sizing: inherit; font-family: verdana, geneva, sans-serif; margin: 0px; padding: 0px; outline: 0px; color: inherit !important;\"><strong style=\"box-sizing: inherit; font-family: inherit; margin: 0px; padding: 0px; outline: 0px; color: inherit !important;\">SANDUICHEIRA PR-700E<\/strong><\/span><\/span><\/p>\n<p style=\"box-sizing: inherit; margin-bottom: 14px; font-family: Roboto, sans-serif; padding: 0px; outline: 0px; border: 0px; position: static; color: rgb(112, 112, 112); font-size: 16px;\"><span style=\"box-sizing: inherit; font-family: inherit; margin: 0px; padding: 0px; outline: 0px; font-size: 18px; color: inherit !important;\"><span style=\"box-sizing: inherit; font-family: verdana, geneva, sans-serif; margin: 0px; padding: 0px; outline: 0px; color: inherit !important;\">Destinados ao preparo de hamburguers, bifes finos, fil\u00e9s de frango, ovos fritos, etc.&nbsp;<\/span><\/span><\/p>\n<p style=\"box-sizing: inherit; margin-bottom: 14px; font-family: Roboto, sans-serif; padding: 0px; outline: 0px; border: 0px; position: static; color: rgb(112, 112, 112); font-size: 16px;\"><span style=\"box-sizing: inherit; font-family: inherit; margin: 0px; padding: 0px; outline: 0px; font-size: 18px; color: inherit !important;\"><span style=\"box-sizing: inherit; font-family: verdana, geneva, sans-serif; margin: 0px; padding: 0px; outline: 0px; color: inherit !important;\">&nbsp;Resist\u00eancia em a\u00e7o In\u00f3x.<br style=\"box-sizing: inherit; font-family: inherit; margin: 0px; padding: 0px; outline: 0px; color: inherit !important;\">&nbsp;Termostato autom\u00e1tico para regulador de temperatura de 80\u00ba C a 180\u00ba C<br style=\"box-sizing: inherit; font-family: inherit; margin: 0px; padding: 0px; outline: 0px; color: inherit !important;\">&nbsp;P\u00e9s pl\u00e1stico.<\/span><\/span><\/p>\n<p style=\"box-sizing: inherit; margin-bottom: 14px; font-family: Roboto, sans-serif; padding: 0px; outline: 0px; border: 0px; position: static; color: rgb(112, 112, 112); font-size: 16px;\"><span style=\"box-sizing: inherit; font-family: inherit; margin: 0px; padding: 0px; outline: 0px; font-size: 18px; color: inherit !important;\"><span style=\"box-sizing: inherit; font-family: verdana, geneva, sans-serif; margin: 0px; padding: 0px; outline: 0px; color: inherit !important;\">Voltagem: 110v ou 220v<br style=\"box-sizing: inherit; font-family: inherit; margin: 0px; padding: 0px; outline: 0px; color: inherit !important;\">&nbsp;Consumo M\u00e9dio: 1.6 Kw\/h ( 110 V).<br style=\"box-sizing: inherit; font-family: inherit; margin: 0px; padding: 0px; outline: 0px; color: inherit !important;\">&nbsp;Pot\u00eancia resist\u00eancia -2.400 W ( 110 V).<br style=\"box-sizing: inherit; font-family: inherit; margin: 0px; padding: 0px; outline: 0px; color: inherit !important;\">&nbsp;Estrutura em a\u00e7o In\u00f3x.<br style=\"box-sizing: inherit; font-family: inherit; margin: 0px; padding: 0px; outline: 0px; color: inherit !important;\">&nbsp;Sistema de desarma\/bloqueio autom\u00e1tico de seguran\u00e7a<br style=\"box-sizing: inherit; font-family: inherit; margin: 0px; padding: 0px; outline: 0px; color: inherit !important;\">&nbsp;Frequ\u00eancia 50\/60 Hz<br style=\"box-sizing: inherit; font-family: inherit; margin: 0px; padding: 0px; outline: 0px; color: inherit !important;\">&nbsp;Peso L\u00edquido \u2013 10 Kg<br style=\"box-sizing: inherit; font-family: inherit; margin: 0px; padding: 0px; outline: 0px; color: inherit !important;\">&nbsp;Peso Bruto \u2013 11 Kg<br style=\"box-sizing: inherit; font-family: inherit; margin: 0px; padding: 0px; outline: 0px; color: inherit !important;\">&nbsp;Medidas \u00fateis: 310mm x 310mm ( chapa ) e 310mm x 310mm Prensa&nbsp;<br style=\"box-sizing: inherit; font-family: inherit; margin: 0px; padding: 0px; outline: 0px; color: inherit !important;\">&nbsp;Medidas totais : 201 A x 648 L x 430 P<br style=\"box-sizing: inherit; font-family: inherit; margin: 0px; padding: 0px; outline: 0px; color: inherit !important;\">&nbsp;Medidas com a embalagem: 170 A x 690 L x 450 P<\/span><\/span><\/p>\n","protected":false},"excerpt":{"rendered":"<p>SANDUICHEIRA PR-700E Destinados ao preparo de hamburguers, bifes finos, fil\u00e9s de frango, ovos fritos, etc.&nbsp; &nbsp;Resist\u00eancia em a\u00e7o In\u00f3x.&nbsp;Termostato autom\u00e1tico para regulador de temperatura de 80\u00ba C a 180\u00ba C&nbsp;P\u00e9s pl\u00e1stico. Voltagem: 110v ou 220v&nbsp;Consumo M\u00e9dio: 1.6 Kw\/h ( 110 V).&nbsp;Pot\u00eancia resist\u00eancia -2.400 W ( 110 V).&nbsp;Estrutura em a\u00e7o In\u00f3x.&nbsp;Sistema de desarma\/bloqueio autom\u00e1tico de seguran\u00e7a&nbsp;Frequ\u00eancia [&hellip;]<\/p>\n","protected":false},"featured_media":12840,"comment_status":"open","ping_status":"closed","template":"","meta":[],"product_brand":[],"product_cat":[300],"product_tag":[],"class_list":{"0":"post-12841","1":"product","2":"type-product","3":"status-publish","4":"has-post-thumbnail","6":"product_cat-chapa-char-broiler","8":"first","9":"instock","10":"shipping-taxable","11":"purchasable","12":"product-type-simple"},"_links":{"self":[{"href":"https:\/\/twsites.com.br\/novomigcenter\/index.php?rest_route=\/wp\/v2\/product\/12841","targetHints":{"allow":["GET"]}}],"collection":[{"href":"https:\/\/twsites.com.br\/novomigcenter\/index.php?rest_route=\/wp\/v2\/product"}],"about":[{"href":"https:\/\/twsites.com.br\/novomigcenter\/index.php?rest_route=\/wp\/v2\/types\/product"}],"replies":[{"embeddable":true,"href":"https:\/\/twsites.com.br\/novomigcenter\/index.php?rest_route=%2Fwp%2Fv2%2Fcomments&post=12841"}],"wp:featuredmedia":[{"embeddable":true,"href":"https:\/\/twsites.com.br\/novomigcenter\/index.php?rest_route=\/wp\/v2\/media\/12840"}],"wp:attachment":[{"href":"https:\/\/twsites.com.br\/novomigcenter\/index.php?rest_route=%2Fwp%2Fv2%2Fmedia&parent=12841"}],"wp:term":[{"taxonomy":"product_brand","embeddable":true,"href":"https:\/\/twsites.com.br\/novomigcenter\/index.php?rest_route=%2Fwp%2Fv2%2Fproduct_brand&post=12841"},{"taxonomy":"product_cat","embeddable":true,"href":"https:\/\/twsites.com.br\/novomigcenter\/index.php?rest_route=%2Fwp%2Fv2%2Fproduct_cat&post=12841"},{"taxonomy":"product_tag","embeddable":true,"href":"https:\/\/twsites.com.br\/novomigcenter\/index.php?rest_route=%2Fwp%2Fv2%2Fproduct_tag&post=12841"}],"curies":[{"name":"wp","href":"https:\/\/api.w.org\/{rel}","templated":true}]}}