{"id":12954,"date":"2020-09-05T10:38:39","date_gmt":"2020-09-05T10:38:39","guid":{"rendered":"https:\/\/twsites.com.br\/novomigcenter\/?product=prp-5000-newlight"},"modified":"2020-09-05T10:38:39","modified_gmt":"2020-09-05T10:38:39","slug":"prp-5000-newlight","status":"publish","type":"product","link":"https:\/\/twsites.com.br\/novomigcenter\/?product=prp-5000-newlight","title":{"rendered":"Forno Turbo \u00e0 G\u00e1s 5 Esteiras PRP-5000 New Light &#8211; Prog\u00e1s"},"content":{"rendered":"<ul style=\"margin-right: 0px; margin-bottom: 0px; margin-left: 0px; padding: 0px; background-position: 0px 0px; color: rgb(102, 102, 102); font-family: montserratlight; font-size: 14px; line-height: 27px; text-align: center;\">\n<li style=\"text-align: left; margin: 0px; padding: 0px; background-position: 0px 0px; font-size: 1.4rem; line-height: 27px; list-style: none !important;\">Este equipamento \u00e9 utilizado para produ\u00e7\u00e3o de p\u00e3es e doces, proporcionando um cozimento uniforme.<\/li>\n<li style=\"text-align: left; margin: 0px; padding: 0px; background-position: 0px 0px; font-size: 1.4rem; line-height: 27px; list-style: none !important;\">Fabricado em chapa com pintura ep\u00f3xi.<\/li>\n<li style=\"text-align: left; margin: 0px; padding: 0px; background-position: 0px 0px; font-size: 1.4rem; line-height: 27px; list-style: none !important;\">Frente, painel e porta em inox.<\/li>\n<li style=\"text-align: left; margin: 0px; padding: 0px; background-position: 0px 0px; font-size: 1.4rem; line-height: 27px; list-style: none !important;\">Projetado com sistema de gaveta fixa de aquecimento com circuito (GLP) g\u00e1s em baixa press\u00e3o e sistema integrado de aquecimento, que proporciona maior seguran\u00e7a, baixo consumo, facilidade de manuseio, praticidade na manuten\u00e7\u00e3o e efici\u00eancia no trabalho.<\/li>\n<li style=\"text-align: left; margin: 0px; padding: 0px; background-position: 0px 0px; font-size: 1.4rem; line-height: 27px; list-style: none !important;\">Capacidade de cozimento: 5 esteiras de 580 x 700 mm com 25 p\u00e3es de 50 g cada, totalizando 125 p\u00e3es por fornada. Em uma hora, produz 375 p\u00e3es de 50g. Obs.: O espa\u00e7o entre as esteiras deve ser de 85 mm a 105 mm.<\/li>\n<li style=\"text-align: left; margin: 0px; padding: 0px; background-position: 0px 0px; font-size: 1.4rem; line-height: 27px; list-style: none !important;\">Tempo de aquecimento: at\u00e9 200\u00b0C de 14 a 22 minutos.<\/li>\n<li style=\"text-align: left; margin: 0px; padding: 0px; background-position: 0px 0px; font-size: 1.4rem; line-height: 27px; list-style: none !important;\">Tempo de cozimento: de 15 a 20 minutos para p\u00e3es de sal (franc\u00eas).<\/li>\n<li style=\"text-align: left; margin: 0px; padding: 0px; background-position: 0px 0px; font-size: 1.4rem; line-height: 27px; list-style: none !important;\">Motor: monof\u00e1sico 1\/4 CV<br \/><img decoding=\"async\" src=\"http:\/\/www.progas.com.br\/userfiles\/produtos\/b53165b52f068b94993180496e985636.jpg\"><\/li>\n<\/ul>\n","protected":false},"excerpt":{"rendered":"<p>Este equipamento \u00e9 utilizado para produ\u00e7\u00e3o de p\u00e3es e doces, proporcionando um cozimento uniforme. Fabricado em chapa com pintura ep\u00f3xi. Frente, painel e porta em inox. Projetado com sistema de gaveta fixa de aquecimento com circuito (GLP) g\u00e1s em baixa press\u00e3o e sistema integrado de aquecimento, que proporciona maior seguran\u00e7a, baixo consumo, facilidade de manuseio, [&hellip;]<\/p>\n","protected":false},"featured_media":12952,"comment_status":"open","ping_status":"closed","template":"","meta":[],"product_brand":[],"product_cat":[344],"product_tag":[],"class_list":{"0":"post-12954","1":"product","2":"type-product","3":"status-publish","4":"has-post-thumbnail","6":"product_cat-forno-turbo-gas-eletrico-lenha","8":"first","9":"instock","10":"shipping-taxable","11":"purchasable","12":"product-type-simple"},"_links":{"self":[{"href":"https:\/\/twsites.com.br\/novomigcenter\/index.php?rest_route=\/wp\/v2\/product\/12954","targetHints":{"allow":["GET"]}}],"collection":[{"href":"https:\/\/twsites.com.br\/novomigcenter\/index.php?rest_route=\/wp\/v2\/product"}],"about":[{"href":"https:\/\/twsites.com.br\/novomigcenter\/index.php?rest_route=\/wp\/v2\/types\/product"}],"replies":[{"embeddable":true,"href":"https:\/\/twsites.com.br\/novomigcenter\/index.php?rest_route=%2Fwp%2Fv2%2Fcomments&post=12954"}],"wp:featuredmedia":[{"embeddable":true,"href":"https:\/\/twsites.com.br\/novomigcenter\/index.php?rest_route=\/wp\/v2\/media\/12952"}],"wp:attachment":[{"href":"https:\/\/twsites.com.br\/novomigcenter\/index.php?rest_route=%2Fwp%2Fv2%2Fmedia&parent=12954"}],"wp:term":[{"taxonomy":"product_brand","embeddable":true,"href":"https:\/\/twsites.com.br\/novomigcenter\/index.php?rest_route=%2Fwp%2Fv2%2Fproduct_brand&post=12954"},{"taxonomy":"product_cat","embeddable":true,"href":"https:\/\/twsites.com.br\/novomigcenter\/index.php?rest_route=%2Fwp%2Fv2%2Fproduct_cat&post=12954"},{"taxonomy":"product_tag","embeddable":true,"href":"https:\/\/twsites.com.br\/novomigcenter\/index.php?rest_route=%2Fwp%2Fv2%2Fproduct_tag&post=12954"}],"curies":[{"name":"wp","href":"https:\/\/api.w.org\/{rel}","templated":true}]}}