{"id":12970,"date":"2020-09-16T12:36:30","date_gmt":"2020-09-16T12:36:30","guid":{"rendered":"https:\/\/twsites.com.br\/novomigcenter\/?product=grep-2p"},"modified":"2020-09-16T12:36:30","modified_gmt":"2020-09-16T12:36:30","slug":"grep-2p","status":"publish","type":"product","link":"https:\/\/twsites.com.br\/novomigcenter\/?product=grep-2p","title":{"rendered":"Geladeira Comercial Inox 2 Portas GREP-2P"},"content":{"rendered":"<h2 class=\"description__product-title\" style=\"margin-right: 0px; margin-bottom: 30px; margin-left: 0px; padding: 0px; border: 0px; font-size: 16px; vertical-align: baseline; background: transparent; clear: both; color: rgb(64, 64, 64); font-family: arial, tahoma, verdana, sans-serif;\">Geladeira Comercial Inox 2 Portas GREP2P Gelopar<\/h2>\n<p class=\"description__text\" style=\"margin-bottom: 30px; padding: 0px; border: 0px; font-size: 16px; vertical-align: baseline; background: transparent; color: rgb(64, 64, 64); font-family: arial, tahoma, verdana, sans-serif;\">\n<p><span style=\"color: rgb(64, 64, 64); font-family: arial, tahoma, verdana, sans-serif; font-size: 16px;\">Refrigerador Comercial Inox 2 Portas GREP2P Gelopar. Geladeira comercial 2 portas inox Gelopar. Um equipamento que n\u00e3o pode faltar nas cozinhas de restaurantes, padarias, lanchonetes e hot\u00e9is. Refrigerador GREP2P com Controlador Eletr\u00f4nico Digital, com indicador digital de temperatura e degelo autom\u00e1tico natural. Temperatura: +1\u00b0 a +\u00b07C. Refrigera\u00e7\u00e3o: Ar for\u00e7ado com serpentina aletada. Revestimento externo em A\u00e7o Inox 430 e interno a\u00e7o Galvanizado. P\u00e9s regul\u00e1veis. 4 n\u00edveis prateleiras aramadas e regul\u00e1veis. DIMENS\u00d5ES (CxAxL): 63x203x66,6cm. CAPACIDADE 536L. CONSUMO 4,8kWh\/dia. PESO 125kg. C\u00e2mara fria 2 Portas GREP2P Gelopar \u00e9 na Atau.<\/span><\/p>\n<p class=\"description__text\" style=\"margin-bottom: 30px; padding: 0px; border: 0px; font-size: 16px; vertical-align: baseline; background: transparent; color: rgb(64, 64, 64); font-family: arial, tahoma, verdana, sans-serif;\">\n<table class=\"description__box--wildSand\" style=\"margin: 0px; padding: 0px; border: 0px; font-size: 16px; vertical-align: baseline; background: rgb(244, 244, 244); width: 1340px; float: left; color: rgb(64, 64, 64); font-family: arial, tahoma, verdana, sans-serif;\">\n<tbody style=\"margin: 0px; padding: 0px; border: 0px; vertical-align: baseline; background: transparent;\">\n<tr style=\"margin: 0px; padding: 0px; border: 0px; vertical-align: baseline; background: transparent;\">\n<td class=\"description__information-left\" style=\"margin: 0px; padding: 18px; border: 0px; vertical-align: baseline; background: transparent; width: 257.075px; float: left; font-weight: 700;\">Informa\u00e7\u00f5es t\u00e9cnicas<\/td>\n<td class=\"description__information-right\" style=\"margin: 0px; padding: 18px; border: 0px; vertical-align: baseline; background: transparent; width: 941.025px; float: right;\">\n<table class=\"description__box\" style=\"margin: 0px; padding: 0px; border: 0px; vertical-align: baseline; background-image: initial; background-position: initial; background-size: initial; background-repeat: initial; background-attachment: initial; background-origin: initial; background-clip: initial; width: 940.8px; float: left;\">\n<tbody style=\"margin: 0px; padding: 0px; border: 0px; vertical-align: baseline; background: transparent;\">\n<tr style=\"margin: 0px; padding: 0px; border: 0px; vertical-align: baseline; background: transparent;\">\n<td class=\"description__information-box-left\" style=\"margin: 0px 19.575px 0px 0px; padding-right: 18.8125px; border: 0px; vertical-align: middle; background: transparent; width: 301.188px; float: none;\">Altura<\/td>\n<td class=\"description__information-box-right\" style=\"margin: 0px; border: 0px; vertical-align: middle; background: transparent; width: 620.8px; float: none;\">2.03<\/td>\n<\/tr>\n<\/tbody>\n<\/table>\n<table class=\"description__box\" style=\"margin: 0px; padding: 0px; border: 0px; vertical-align: baseline; background-image: initial; background-position: initial; background-size: initial; background-repeat: initial; background-attachment: initial; background-origin: initial; background-clip: initial; width: 940.8px; float: left;\">\n<tbody style=\"margin: 0px; padding: 0px; border: 0px; vertical-align: baseline; background: transparent;\">\n<tr style=\"margin: 0px; padding: 0px; border: 0px; vertical-align: baseline; background: transparent;\">\n<td class=\"description__information-box-left\" style=\"margin: 0px 19.575px 0px 0px; padding-right: 18.8125px; border: 0px; vertical-align: middle; background: transparent; width: 301.188px; float: none;\">Capacidade<\/td>\n<td class=\"description__information-box-right\" style=\"margin: 0px; border: 0px; vertical-align: middle; background: transparent; width: 620.8px; float: none;\">536 litros<\/td>\n<\/tr>\n<\/tbody>\n<\/table>\n<table class=\"description__box\" style=\"margin: 0px; padding: 0px; border: 0px; vertical-align: baseline; background-image: initial; background-position: initial; background-size: initial; background-repeat: initial; background-attachment: initial; background-origin: initial; background-clip: initial; width: 940.8px; float: left;\">\n<tbody style=\"margin: 0px; padding: 0px; border: 0px; vertical-align: baseline; background: transparent;\">\n<tr style=\"margin: 0px; padding: 0px; border: 0px; vertical-align: baseline; background: transparent;\">\n<td class=\"description__information-box-left\" style=\"margin: 0px 19.575px 0px 0px; padding-right: 18.8125px; border: 0px; vertical-align: middle; background: transparent; width: 301.188px; float: none;\">Consumo<\/td>\n<td class=\"description__information-box-right\" style=\"margin: 0px; border: 0px; vertical-align: middle; background: transparent; width: 620.8px; float: none;\">4,2 Kwh\/dia<\/td>\n<\/tr>\n<\/tbody>\n<\/table>\n<table class=\"description__box\" style=\"margin: 0px; padding: 0px; border: 0px; vertical-align: baseline; background-image: initial; background-position: initial; background-size: initial; background-repeat: initial; background-attachment: initial; background-origin: initial; background-clip: initial; width: 940.8px; float: left;\">\n<tbody style=\"margin: 0px; padding: 0px; border: 0px; vertical-align: baseline; background: transparent;\">\n<tr style=\"margin: 0px; padding: 0px; border: 0px; vertical-align: baseline; background: transparent;\">\n<td class=\"description__information-box-left\" style=\"margin: 0px 19.575px 0px 0px; padding-right: 18.8125px; border: 0px; vertical-align: middle; background: transparent; width: 301.188px; float: none;\">Frente<\/td>\n<td class=\"description__information-box-right\" style=\"margin: 0px; border: 0px; vertical-align: middle; background: transparent; width: 620.8px; float: none;\">63<\/td>\n<\/tr>\n<\/tbody>\n<\/table>\n<table class=\"description__box\" style=\"margin: 0px; padding: 0px; border: 0px; vertical-align: baseline; background-image: initial; background-position: initial; background-size: initial; background-repeat: initial; background-attachment: initial; background-origin: initial; background-clip: initial; width: 940.8px; float: left;\">\n<tbody style=\"margin: 0px; padding: 0px; border: 0px; vertical-align: baseline; background: transparent;\">\n<tr style=\"margin: 0px; padding: 0px; border: 0px; vertical-align: baseline; background: transparent;\">\n<td class=\"description__information-box-left\" style=\"margin: 0px 19.575px 0px 0px; padding-right: 18.8125px; border: 0px; vertical-align: middle; background: transparent; width: 301.188px; float: none;\">Marca<\/td>\n<td class=\"description__information-box-right\" style=\"margin: 0px; border: 0px; vertical-align: middle; background: transparent; width: 620.8px; float: none;\">Gelopar<\/td>\n<\/tr>\n<\/tbody>\n<\/table>\n<table class=\"description__box\" style=\"margin: 0px; padding: 0px; border: 0px; vertical-align: baseline; background-image: initial; background-position: initial; background-size: initial; background-repeat: initial; background-attachment: initial; background-origin: initial; background-clip: initial; width: 940.8px; float: left;\">\n<tbody style=\"margin: 0px; padding: 0px; border: 0px; vertical-align: baseline; background: transparent;\">\n<tr style=\"margin: 0px; padding: 0px; border: 0px; vertical-align: baseline; background: transparent;\">\n<td class=\"description__information-box-left\" style=\"margin: 0px 19.575px 0px 0px; padding-right: 18.8125px; border: 0px; vertical-align: middle; background: transparent; width: 301.188px; float: none;\">Modelo<\/td>\n<td class=\"description__information-box-right\" style=\"margin: 0px; border: 0px; vertical-align: middle; background: transparent; width: 620.8px; float: none;\">GREP2P<\/td>\n<\/tr>\n<\/tbody>\n<\/table>\n<table class=\"description__box\" style=\"margin: 0px; padding: 0px; border: 0px; vertical-align: baseline; background-image: initial; background-position: initial; background-size: initial; background-repeat: initial; background-attachment: initial; background-origin: initial; background-clip: initial; width: 940.8px; float: left;\">\n<tbody style=\"margin: 0px; padding: 0px; border: 0px; vertical-align: baseline; background: transparent;\">\n<tr style=\"margin: 0px; padding: 0px; border: 0px; vertical-align: baseline; background: transparent;\">\n<td class=\"description__information-box-left\" style=\"margin: 0px 19.575px 0px 0px; padding-right: 18.8125px; border: 0px; vertical-align: middle; background: transparent; width: 301.188px; float: none;\">Peso<\/td>\n<td class=\"description__information-box-right\" style=\"margin: 0px; border: 0px; vertical-align: middle; background: transparent; width: 620.8px; float: none;\">125Kg<\/td>\n<\/tr>\n<\/tbody>\n<\/table>\n<table class=\"description__box\" style=\"margin: 0px; padding: 0px; border: 0px; vertical-align: baseline; background-image: initial; background-position: initial; background-size: initial; background-repeat: initial; background-attachment: initial; background-origin: initial; background-clip: initial; width: 940.8px; float: left;\">\n<tbody style=\"margin: 0px; padding: 0px; border: 0px; vertical-align: baseline; background: transparent;\">\n<tr style=\"margin: 0px; padding: 0px; border: 0px; vertical-align: baseline; background: transparent;\">\n<td class=\"description__information-box-left\" style=\"margin: 0px 19.575px 0px 0px; padding-right: 18.8125px; border: 0px; vertical-align: middle; background: transparent; width: 301.188px; float: none;\">Portas<\/td>\n<td class=\"description__information-box-right\" style=\"margin: 0px; border: 0px; vertical-align: middle; background: transparent; width: 620.8px; float: none;\">2 Portas<\/td>\n<\/tr>\n<\/tbody>\n<\/table>\n<table class=\"description__box\" style=\"margin: 0px; padding: 0px; border: 0px; vertical-align: baseline; background-image: initial; background-position: initial; background-size: initial; background-repeat: initial; background-attachment: initial; background-origin: initial; background-clip: initial; width: 940.8px; float: left;\">\n<tbody style=\"margin: 0px; padding: 0px; border: 0px; vertical-align: baseline; background: transparent;\">\n<tr style=\"margin: 0px; padding: 0px; border: 0px; vertical-align: baseline; background: transparent;\">\n<td class=\"description__information-box-left\" style=\"margin: 0px 19.575px 0px 0px; padding-right: 18.8125px; border: 0px; vertical-align: middle; background: transparent; width: 301.188px; float: none;\">Prateleiras<\/td>\n<td class=\"description__information-box-right\" style=\"margin: 0px; border: 0px; vertical-align: middle; background: transparent; width: 620.8px; float: none;\">4<\/td>\n<\/tr>\n<\/tbody>\n<\/table>\n<table class=\"description__box\" style=\"margin: 0px; padding: 0px; border: 0px; vertical-align: baseline; background-image: initial; background-position: initial; background-size: initial; background-repeat: initial; background-attachment: initial; background-origin: initial; background-clip: initial; width: 940.8px; float: left;\">\n<tbody style=\"margin: 0px; padding: 0px; border: 0px; vertical-align: baseline; background: transparent;\">\n<tr style=\"margin: 0px; padding: 0px; border: 0px; vertical-align: baseline; background: transparent;\">\n<td class=\"description__information-box-left\" style=\"margin: 0px 19.575px 0px 0px; padding-right: 18.8125px; border: 0px; vertical-align: middle; background: transparent; width: 301.188px; float: none;\">Profundidade<\/td>\n<td class=\"description__information-box-right\" style=\"margin: 0px; border: 0px; vertical-align: middle; background: transparent; width: 620.8px; float: none;\">66cm<\/td>\n<\/tr>\n<\/tbody>\n<\/table>\n<table class=\"description__box\" style=\"margin: 0px; padding: 0px; border: 0px; vertical-align: baseline; background-image: initial; background-position: initial; background-size: initial; background-repeat: initial; background-attachment: initial; background-origin: initial; background-clip: initial; width: 940.8px; float: left;\">\n<tbody style=\"margin: 0px; padding: 0px; border: 0px; vertical-align: baseline; background: transparent;\">\n<tr style=\"margin: 0px; padding: 0px; border: 0px; vertical-align: baseline; background: transparent;\">\n<td class=\"description__information-box-left\" style=\"margin: 0px 19.575px 0px 0px; padding-right: 18.8125px; border: 0px; vertical-align: middle; background: transparent; width: 301.188px; float: none;\">Temperatura<\/td>\n<td class=\"description__information-box-right\" style=\"margin: 0px; border: 0px; vertical-align: middle; background: transparent; width: 620.8px; float: none;\">+1\u00b0 a +\u00b07C<\/td>\n<\/tr>\n<\/tbody>\n<\/table>\n<\/td>\n<\/tr>\n<\/tbody>\n<\/table>\n<table class=\"description__box\" style=\"margin: 0px; padding: 0px; border: 0px; font-size: 16px; vertical-align: baseline; background-image: initial; background-position: initial; background-size: initial; background-repeat: initial; background-attachment: initial; background-origin: initial; background-clip: initial; width: 1340px; float: left; color: rgb(64, 64, 64); font-family: arial, tahoma, verdana, sans-serif;\">\n<tbody style=\"margin: 0px; padding: 0px; border: 0px; vertical-align: baseline; background: transparent;\">\n<tr style=\"margin: 0px; padding: 0px; border: 0px; vertical-align: baseline; background: transparent;\">\n<td class=\"description__information-left\" style=\"margin: 0px; padding: 18px; border: 0px; vertical-align: baseline; background: transparent; width: 257.075px; float: left; font-weight: 700;\">Informa\u00e7\u00f5es complementares<\/td>\n<td class=\"description__information-right\" style=\"margin: 0px; padding: 18px; border: 0px; vertical-align: baseline; background: transparent; width: 941.025px; float: right;\">\n<table class=\"description__box\" style=\"margin: 0px; padding: 0px; border: 0px; vertical-align: baseline; background-image: initial; background-position: initial; background-size: initial; background-repeat: initial; background-attachment: initial; background-origin: initial; background-clip: initial; width: 940.8px; float: left;\">\n<tbody style=\"margin: 0px; padding: 0px; border: 0px; vertical-align: baseline; background: transparent;\">\n<tr style=\"margin: 0px; padding: 0px; border: 0px; vertical-align: baseline; background: transparent;\">\n<td class=\"description__information-box-left\" style=\"margin: 0px 19.575px 0px 0px; padding-right: 18.8125px; border: 0px; vertical-align: middle; background: transparent; width: 301.188px; float: none;\">Capacidade L\u00edquida Total<\/td>\n<td class=\"description__information-box-right\" style=\"margin: 0px; border: 0px; vertical-align: middle; background: transparent; width: 620.8px; float: none;\">536 L<\/td>\n<\/tr>\n<\/tbody>\n<\/table>\n<table class=\"description__box\" style=\"margin: 0px; padding: 0px; border: 0px; vertical-align: baseline; background-image: initial; background-position: initial; background-size: initial; background-repeat: initial; background-attachment: initial; background-origin: initial; background-clip: initial; width: 940.8px; float: left;\">\n<tbody style=\"margin: 0px; padding: 0px; border: 0px; vertical-align: baseline; background: transparent;\">\n<tr style=\"margin: 0px; padding: 0px; border: 0px; vertical-align: baseline; background: transparent;\">\n<td class=\"description__information-box-left\" style=\"margin: 0px 19.575px 0px 0px; padding-right: 18.8125px; border: 0px; vertical-align: middle; background: transparent; width: 301.188px; float: none;\">Marca<\/td>\n<td class=\"description__information-box-right\" style=\"margin: 0px; border: 0px; vertical-align: middle; background: transparent; width: 620.8px; float: none;\">Gelopar<\/td>\n<\/tr>\n<\/tbody>\n<\/table>\n<table class=\"description__box\" style=\"margin: 0px; padding: 0px; border: 0px; vertical-align: baseline; background-image: initial; background-position: initial; background-size: initial; background-repeat: initial; background-attachment: initial; background-origin: initial; background-clip: initial; width: 940.8px; float: left;\">\n<tbody style=\"margin: 0px; padding: 0px; border: 0px; vertical-align: baseline; background: transparent;\">\n<tr style=\"margin: 0px; padding: 0px; border: 0px; vertical-align: baseline; background: transparent;\">\n<td class=\"description__information-box-left\" style=\"margin: 0px 19.575px 0px 0px; padding-right: 18.8125px; border: 0px; vertical-align: middle; background: transparent; width: 301.188px; float: none;\">Voltagem<\/td>\n<td class=\"description__information-box-right\" style=\"margin: 0px; border: 0px; vertical-align: middle; background: transparent; width: 620.8px; float: none;\">127 V<\/td>\n<\/tr>\n<\/tbody>\n<\/table>\n<\/td>\n<\/tr>\n<\/tbody>\n<\/table>\n","protected":false},"excerpt":{"rendered":"<p>Geladeira Comercial Inox 2 Portas GREP2P Gelopar Refrigerador Comercial Inox 2 Portas GREP2P Gelopar. Geladeira comercial 2 portas inox Gelopar. Um equipamento que n\u00e3o pode faltar nas cozinhas de restaurantes, padarias, lanchonetes e hot\u00e9is. Refrigerador GREP2P com Controlador Eletr\u00f4nico Digital, com indicador digital de temperatura e degelo autom\u00e1tico natural. Temperatura: +1\u00b0 a +\u00b07C. Refrigera\u00e7\u00e3o: Ar [&hellip;]<\/p>\n","protected":false},"featured_media":12969,"comment_status":"open","ping_status":"closed","template":"","meta":[],"product_brand":[],"product_cat":[327],"product_tag":[],"class_list":{"0":"post-12970","1":"product","2":"type-product","3":"status-publish","4":"has-post-thumbnail","6":"product_cat-geladeira","8":"first","9":"instock","10":"shipping-taxable","11":"purchasable","12":"product-type-simple"},"_links":{"self":[{"href":"https:\/\/twsites.com.br\/novomigcenter\/index.php?rest_route=\/wp\/v2\/product\/12970","targetHints":{"allow":["GET"]}}],"collection":[{"href":"https:\/\/twsites.com.br\/novomigcenter\/index.php?rest_route=\/wp\/v2\/product"}],"about":[{"href":"https:\/\/twsites.com.br\/novomigcenter\/index.php?rest_route=\/wp\/v2\/types\/product"}],"replies":[{"embeddable":true,"href":"https:\/\/twsites.com.br\/novomigcenter\/index.php?rest_route=%2Fwp%2Fv2%2Fcomments&post=12970"}],"wp:featuredmedia":[{"embeddable":true,"href":"https:\/\/twsites.com.br\/novomigcenter\/index.php?rest_route=\/wp\/v2\/media\/12969"}],"wp:attachment":[{"href":"https:\/\/twsites.com.br\/novomigcenter\/index.php?rest_route=%2Fwp%2Fv2%2Fmedia&parent=12970"}],"wp:term":[{"taxonomy":"product_brand","embeddable":true,"href":"https:\/\/twsites.com.br\/novomigcenter\/index.php?rest_route=%2Fwp%2Fv2%2Fproduct_brand&post=12970"},{"taxonomy":"product_cat","embeddable":true,"href":"https:\/\/twsites.com.br\/novomigcenter\/index.php?rest_route=%2Fwp%2Fv2%2Fproduct_cat&post=12970"},{"taxonomy":"product_tag","embeddable":true,"href":"https:\/\/twsites.com.br\/novomigcenter\/index.php?rest_route=%2Fwp%2Fv2%2Fproduct_tag&post=12970"}],"curies":[{"name":"wp","href":"https:\/\/api.w.org\/{rel}","templated":true}]}}