{"id":12984,"date":"2020-09-18T16:07:25","date_gmt":"2020-09-18T16:07:25","guid":{"rendered":"https:\/\/twsites.com.br\/novomigcenter\/?product=bpel-18-braesi"},"modified":"2020-09-18T16:07:25","modified_gmt":"2020-09-18T16:07:25","slug":"bpel-18-braesi","status":"publish","type":"product","link":"https:\/\/twsites.com.br\/novomigcenter\/?product=bpel-18-braesi","title":{"rendered":"Batedeira Planet\u00e1ria Eletr\u00f4nica 18L BPEL-18\/1 &#8211; MB Braesi"},"content":{"rendered":"<ul style=\"margin-right: 0px; margin-bottom: 0px; margin-left: 0px; padding: 0px; background-position: 0px 0px; color: rgb(102, 102, 102); font-family: montserratlight; font-size: 14px; line-height: 27px; text-align: center;\">\n<li style=\"text-align: left; margin: 0px; padding: 0px; background-position: 0px 0px; font-size: 1.4rem; line-height: 27px; list-style: none !important;\">Estrutura em a\u00e7o carbono com acabamento em pintura ep\u00f3xi;<\/li>\n<li style=\"text-align: left; margin: 0px; padding: 0px; background-position: 0px 0px; font-size: 1.4rem; line-height: 27px; list-style: none !important;\">Tampa em pol\u00edmero termoformado de alta resist\u00eancia;<\/li>\n<li style=\"text-align: left; margin: 0px; padding: 0px; background-position: 0px 0px; font-size: 1.4rem; line-height: 27px; list-style: none !important;\">Tacho em a\u00e7o inox;<\/li>\n<li style=\"text-align: left; margin: 0px; padding: 0px; background-position: 0px 0px; font-size: 1.4rem; line-height: 27px; list-style: none !important;\">Grade cromada;<\/li>\n<li style=\"text-align: left; margin: 0px; padding: 0px; background-position: 0px 0px; font-size: 1.4rem; line-height: 27px; list-style: none !important;\">Sistema planet\u00e1rio de engrenagens de a\u00e7o e pol\u00edmero;<\/li>\n<li style=\"text-align: left; margin: 0px; padding: 0px; background-position: 0px 0px; font-size: 1.4rem; line-height: 27px; list-style: none !important;\">Sistema &nbsp;eletr\u00f4nico de &nbsp;varia\u00e7\u00e3o de velocidade;<\/li>\n<li style=\"text-align: left; margin: 0px; padding: 0px; background-position: 0px 0px; font-size: 1.4rem; line-height: 27px; list-style: none !important;\">Acompanha batedor espiral, batedor raquete e batedor globo.<\/li>\n<li style=\"text-align: left; margin: 0px; padding: 0px; background-position: 0px 0px; font-size: 1.4rem; line-height: 27px; list-style: none !important;\">Possui grade de seguran\u00e7a que desliga o equipamento ao ser levantada.<\/li>\n<li style=\"text-align: left; margin: 0px; padding: 0px; background-position: 0px 0px; font-size: 1.4rem; line-height: 27px; list-style: none !important;\"><img decoding=\"async\" src=\"http:\/\/www.progas.com.br\/userfiles\/produtos\/cc50d8dea240cad50056d0ec69f85d8e.jpg\" style=\"width: 734.493px; height: 88.2px;\"><\/li>\n<\/ul>\n","protected":false},"excerpt":{"rendered":"<p>Estrutura em a\u00e7o carbono com acabamento em pintura ep\u00f3xi; Tampa em pol\u00edmero termoformado de alta resist\u00eancia; Tacho em a\u00e7o inox; Grade cromada; Sistema planet\u00e1rio de engrenagens de a\u00e7o e pol\u00edmero; Sistema &nbsp;eletr\u00f4nico de &nbsp;varia\u00e7\u00e3o de velocidade; Acompanha batedor espiral, batedor raquete e batedor globo. Possui grade de seguran\u00e7a que desliga o equipamento ao ser levantada.<\/p>\n","protected":false},"featured_media":12983,"comment_status":"open","ping_status":"closed","template":"","meta":[],"product_brand":[],"product_cat":[338],"product_tag":[],"class_list":{"0":"post-12984","1":"product","2":"type-product","3":"status-publish","4":"has-post-thumbnail","6":"product_cat-batedeira-planetaria","8":"first","9":"instock","10":"shipping-taxable","11":"purchasable","12":"product-type-simple"},"_links":{"self":[{"href":"https:\/\/twsites.com.br\/novomigcenter\/index.php?rest_route=\/wp\/v2\/product\/12984","targetHints":{"allow":["GET"]}}],"collection":[{"href":"https:\/\/twsites.com.br\/novomigcenter\/index.php?rest_route=\/wp\/v2\/product"}],"about":[{"href":"https:\/\/twsites.com.br\/novomigcenter\/index.php?rest_route=\/wp\/v2\/types\/product"}],"replies":[{"embeddable":true,"href":"https:\/\/twsites.com.br\/novomigcenter\/index.php?rest_route=%2Fwp%2Fv2%2Fcomments&post=12984"}],"wp:featuredmedia":[{"embeddable":true,"href":"https:\/\/twsites.com.br\/novomigcenter\/index.php?rest_route=\/wp\/v2\/media\/12983"}],"wp:attachment":[{"href":"https:\/\/twsites.com.br\/novomigcenter\/index.php?rest_route=%2Fwp%2Fv2%2Fmedia&parent=12984"}],"wp:term":[{"taxonomy":"product_brand","embeddable":true,"href":"https:\/\/twsites.com.br\/novomigcenter\/index.php?rest_route=%2Fwp%2Fv2%2Fproduct_brand&post=12984"},{"taxonomy":"product_cat","embeddable":true,"href":"https:\/\/twsites.com.br\/novomigcenter\/index.php?rest_route=%2Fwp%2Fv2%2Fproduct_cat&post=12984"},{"taxonomy":"product_tag","embeddable":true,"href":"https:\/\/twsites.com.br\/novomigcenter\/index.php?rest_route=%2Fwp%2Fv2%2Fproduct_tag&post=12984"}],"curies":[{"name":"wp","href":"https:\/\/api.w.org\/{rel}","templated":true}]}}