{"id":13017,"date":"2020-12-12T11:51:12","date_gmt":"2020-12-12T11:51:12","guid":{"rendered":"https:\/\/twsites.com.br\/novomigcenter\/?product=midy-inox"},"modified":"2020-12-12T11:51:12","modified_gmt":"2020-12-12T11:51:12","slug":"midy-inox","status":"publish","type":"product","link":"https:\/\/twsites.com.br\/novomigcenter\/?product=midy-inox","title":{"rendered":"FORNO EL\u00c9TRICO MIDY INOX 21L"},"content":{"rendered":"<p><span style=\"color: rgb(126, 136, 144); font-family: &quot;Source Sans Pro&quot;, Arial, Helvetica, sans-serif; font-size: 17px; background-color: rgb(242, 242, 242);\">Caracter\u00edsticas:<\/span><\/p>\n<p><span style=\"color: rgb(126, 136, 144); font-family: &quot;Source Sans Pro&quot;, Arial, Helvetica, sans-serif; font-size: 17px; background-color: rgb(242, 242, 242);\">Voltagem 127v ou 220v.<\/span><br style=\"color: rgb(126, 136, 144); font-family: &quot;Source Sans Pro&quot;, Arial, Helvetica, sans-serif; font-size: 17px; background-color: rgb(242, 242, 242);\"><span style=\"color: rgb(126, 136, 144); font-family: &quot;Source Sans Pro&quot;, Arial, Helvetica, sans-serif; font-size: 17px; background-color: rgb(242, 242, 242);\">Gabinete externo em a\u00e7o inoxid\u00e1vel.<\/span><br style=\"color: rgb(126, 136, 144); font-family: &quot;Source Sans Pro&quot;, Arial, Helvetica, sans-serif; font-size: 17px; background-color: rgb(242, 242, 242);\"><span style=\"color: rgb(126, 136, 144); font-family: &quot;Source Sans Pro&quot;, Arial, Helvetica, sans-serif; font-size: 17px; background-color: rgb(242, 242, 242);\">Gabinete interno com revestimento easy-clean.<\/span><br style=\"color: rgb(126, 136, 144); font-family: &quot;Source Sans Pro&quot;, Arial, Helvetica, sans-serif; font-size: 17px; background-color: rgb(242, 242, 242);\"><span style=\"color: rgb(126, 136, 144); font-family: &quot;Source Sans Pro&quot;, Arial, Helvetica, sans-serif; font-size: 17px; background-color: rgb(242, 242, 242);\">Termostato de precis\u00e3o (50\u00baC a 300\u00baC).<\/span><br style=\"color: rgb(126, 136, 144); font-family: &quot;Source Sans Pro&quot;, Arial, Helvetica, sans-serif; font-size: 17px; background-color: rgb(242, 242, 242);\"><span style=\"color: rgb(126, 136, 144); font-family: &quot;Source Sans Pro&quot;, Arial, Helvetica, sans-serif; font-size: 17px; background-color: rgb(242, 242, 242);\">02 Resist\u00eancias blindadas (1sup. 500w e 1inf. 800w).<\/span><br style=\"color: rgb(126, 136, 144); font-family: &quot;Source Sans Pro&quot;, Arial, Helvetica, sans-serif; font-size: 17px; background-color: rgb(242, 242, 242);\"><span style=\"color: rgb(126, 136, 144); font-family: &quot;Source Sans Pro&quot;, Arial, Helvetica, sans-serif; font-size: 17px; background-color: rgb(242, 242, 242);\">Dourador.<\/span><br style=\"color: rgb(126, 136, 144); font-family: &quot;Source Sans Pro&quot;, Arial, Helvetica, sans-serif; font-size: 17px; background-color: rgb(242, 242, 242);\"><span style=\"color: rgb(126, 136, 144); font-family: &quot;Source Sans Pro&quot;, Arial, Helvetica, sans-serif; font-size: 17px; background-color: rgb(242, 242, 242);\">L\u00e2mpada do termostato.<\/span><br style=\"color: rgb(126, 136, 144); font-family: &quot;Source Sans Pro&quot;, Arial, Helvetica, sans-serif; font-size: 17px; background-color: rgb(242, 242, 242);\"><span style=\"color: rgb(126, 136, 144); font-family: &quot;Source Sans Pro&quot;, Arial, Helvetica, sans-serif; font-size: 17px; background-color: rgb(242, 242, 242);\">Porta remov\u00edvel de vidro cristal temperado.<\/span><br style=\"color: rgb(126, 136, 144); font-family: &quot;Source Sans Pro&quot;, Arial, Helvetica, sans-serif; font-size: 17px; background-color: rgb(242, 242, 242);\"><span style=\"color: rgb(126, 136, 144); font-family: &quot;Source Sans Pro&quot;, Arial, Helvetica, sans-serif; font-size: 17px; background-color: rgb(242, 242, 242);\">Isolamento t\u00e9rmico.<\/span><br style=\"color: rgb(126, 136, 144); font-family: &quot;Source Sans Pro&quot;, Arial, Helvetica, sans-serif; font-size: 17px; background-color: rgb(242, 242, 242);\"><span style=\"color: rgb(126, 136, 144); font-family: &quot;Source Sans Pro&quot;, Arial, Helvetica, sans-serif; font-size: 17px; background-color: rgb(242, 242, 242);\">Prateleira remov\u00edvel em 2 posi\u00e7\u00f5es.<\/span><br style=\"color: rgb(126, 136, 144); font-family: &quot;Source Sans Pro&quot;, Arial, Helvetica, sans-serif; font-size: 17px; background-color: rgb(242, 242, 242);\"><span style=\"color: rgb(126, 136, 144); font-family: &quot;Source Sans Pro&quot;, Arial, Helvetica, sans-serif; font-size: 17px; background-color: rgb(242, 242, 242);\">Instala\u00e7\u00e3o el\u00e9trica certificada pelo INMETRO.<\/span><br style=\"color: rgb(126, 136, 144); font-family: &quot;Source Sans Pro&quot;, Arial, Helvetica, sans-serif; font-size: 17px; background-color: rgb(242, 242, 242);\"><span style=\"color: rgb(126, 136, 144); font-family: &quot;Source Sans Pro&quot;, Arial, Helvetica, sans-serif; font-size: 17px; background-color: rgb(242, 242, 242);\">* O gabinete externo vem protegido com uma pel\u00edcula pl\u00e1stica (branca, azul ou transparente) de prote\u00e7\u00e3o e dever\u00e1 ser retirada no momento do primeiro uso.<br \/><\/span><span style=\"font-weight: 700; color: rgb(126, 136, 144); font-family: &quot;Source Sans Pro&quot;, Arial, Helvetica, sans-serif; font-size: 17px; background-color: rgb(242, 242, 242);\">Pot\u00eancia:<\/span><span style=\"color: rgb(126, 136, 144); font-family: &quot;Source Sans Pro&quot;, Arial, Helvetica, sans-serif; font-size: 17px; background-color: rgb(242, 242, 242);\">&nbsp;1300w<\/span><br style=\"color: rgb(126, 136, 144); font-family: &quot;Source Sans Pro&quot;, Arial, Helvetica, sans-serif; font-size: 17px; background-color: rgb(242, 242, 242);\"><span style=\"font-weight: 700; color: rgb(126, 136, 144); font-family: &quot;Source Sans Pro&quot;, Arial, Helvetica, sans-serif; font-size: 17px; background-color: rgb(242, 242, 242);\">Volume:<\/span><span style=\"color: rgb(126, 136, 144); font-family: &quot;Source Sans Pro&quot;, Arial, Helvetica, sans-serif; font-size: 17px; background-color: rgb(242, 242, 242);\">&nbsp;21litros<\/span><br style=\"color: rgb(126, 136, 144); font-family: &quot;Source Sans Pro&quot;, Arial, Helvetica, sans-serif; font-size: 17px; background-color: rgb(242, 242, 242);\"><span style=\"font-weight: 700; color: rgb(126, 136, 144); font-family: &quot;Source Sans Pro&quot;, Arial, Helvetica, sans-serif; font-size: 17px; background-color: rgb(242, 242, 242);\">Altura:<\/span><span style=\"color: rgb(126, 136, 144); font-family: &quot;Source Sans Pro&quot;, Arial, Helvetica, sans-serif; font-size: 17px; background-color: rgb(242, 242, 242);\">&nbsp;200 (int.) \/ 300 (ext.) mm<\/span><br style=\"color: rgb(126, 136, 144); font-family: &quot;Source Sans Pro&quot;, Arial, Helvetica, sans-serif; font-size: 17px; background-color: rgb(242, 242, 242);\"><span style=\"font-weight: 700; color: rgb(126, 136, 144); font-family: &quot;Source Sans Pro&quot;, Arial, Helvetica, sans-serif; font-size: 17px; background-color: rgb(242, 242, 242);\">Largura:<\/span><span style=\"color: rgb(126, 136, 144); font-family: &quot;Source Sans Pro&quot;, Arial, Helvetica, sans-serif; font-size: 17px; background-color: rgb(242, 242, 242);\">&nbsp;330 (int.) \/ 450 (ext.) mm<\/span><br style=\"color: rgb(126, 136, 144); font-family: &quot;Source Sans Pro&quot;, Arial, Helvetica, sans-serif; font-size: 17px; background-color: rgb(242, 242, 242);\"><span style=\"font-weight: 700; color: rgb(126, 136, 144); font-family: &quot;Source Sans Pro&quot;, Arial, Helvetica, sans-serif; font-size: 17px; background-color: rgb(242, 242, 242);\">Profundidade:<\/span><span style=\"color: rgb(126, 136, 144); font-family: &quot;Source Sans Pro&quot;, Arial, Helvetica, sans-serif; font-size: 17px; background-color: rgb(242, 242, 242);\">&nbsp;310 (int.) \/ 345 (ext.) mm<\/span><br style=\"color: rgb(126, 136, 144); font-family: &quot;Source Sans Pro&quot;, Arial, Helvetica, sans-serif; font-size: 17px; background-color: rgb(242, 242, 242);\"><span style=\"font-weight: 700; color: rgb(126, 136, 144); font-family: &quot;Source Sans Pro&quot;, Arial, Helvetica, sans-serif; font-size: 17px; background-color: rgb(242, 242, 242);\">Peso l\u00edquido:<\/span><span style=\"color: rgb(126, 136, 144); font-family: &quot;Source Sans Pro&quot;, Arial, Helvetica, sans-serif; font-size: 17px; background-color: rgb(242, 242, 242);\">&nbsp;6,30kg<\/span><br style=\"color: rgb(126, 136, 144); font-family: &quot;Source Sans Pro&quot;, Arial, Helvetica, sans-serif; font-size: 17px; background-color: rgb(242, 242, 242);\"><span style=\"font-weight: 700; color: rgb(126, 136, 144); font-family: &quot;Source Sans Pro&quot;, Arial, Helvetica, sans-serif; font-size: 17px; background-color: rgb(242, 242, 242);\">Peso bruto:<\/span><span style=\"color: rgb(126, 136, 144); font-family: &quot;Source Sans Pro&quot;, Arial, Helvetica, sans-serif; font-size: 17px; background-color: rgb(242, 242, 242);\">&nbsp;7,08kg<\/span><br style=\"color: rgb(126, 136, 144); font-family: &quot;Source Sans Pro&quot;, Arial, Helvetica, sans-serif; font-size: 17px; background-color: rgb(242, 242, 242);\"><span style=\"font-weight: 700; color: rgb(126, 136, 144); font-family: &quot;Source Sans Pro&quot;, Arial, Helvetica, sans-serif; font-size: 17px; background-color: rgb(242, 242, 242);\">Consumo m\u00e1ximo a 300\u00baC:<\/span><span style=\"color: rgb(126, 136, 144); font-family: &quot;Source Sans Pro&quot;, Arial, Helvetica, sans-serif; font-size: 17px; background-color: rgb(242, 242, 242);\">&nbsp;0,9kw\/h<\/span><\/p>\n","protected":false},"excerpt":{"rendered":"<p>Caracter\u00edsticas: Voltagem 127v ou 220v.Gabinete externo em a\u00e7o inoxid\u00e1vel.Gabinete interno com revestimento easy-clean.Termostato de precis\u00e3o (50\u00baC a 300\u00baC).02 Resist\u00eancias blindadas (1sup. 500w e 1inf. 800w).Dourador.L\u00e2mpada do termostato.Porta remov\u00edvel de vidro cristal temperado.Isolamento t\u00e9rmico.Prateleira remov\u00edvel em 2 posi\u00e7\u00f5es.Instala\u00e7\u00e3o el\u00e9trica certificada pelo INMETRO.* O gabinete externo vem protegido com uma pel\u00edcula pl\u00e1stica (branca, azul ou transparente) de [&hellip;]<\/p>\n","protected":false},"featured_media":13016,"comment_status":"open","ping_status":"closed","template":"","meta":[],"product_brand":[],"product_cat":[427],"product_tag":[],"class_list":{"0":"post-13017","1":"product","2":"type-product","3":"status-publish","4":"has-post-thumbnail","6":"product_cat-forno-convector-forno-de-bancada","8":"first","9":"instock","10":"shipping-taxable","11":"purchasable","12":"product-type-simple"},"_links":{"self":[{"href":"https:\/\/twsites.com.br\/novomigcenter\/index.php?rest_route=\/wp\/v2\/product\/13017","targetHints":{"allow":["GET"]}}],"collection":[{"href":"https:\/\/twsites.com.br\/novomigcenter\/index.php?rest_route=\/wp\/v2\/product"}],"about":[{"href":"https:\/\/twsites.com.br\/novomigcenter\/index.php?rest_route=\/wp\/v2\/types\/product"}],"replies":[{"embeddable":true,"href":"https:\/\/twsites.com.br\/novomigcenter\/index.php?rest_route=%2Fwp%2Fv2%2Fcomments&post=13017"}],"wp:featuredmedia":[{"embeddable":true,"href":"https:\/\/twsites.com.br\/novomigcenter\/index.php?rest_route=\/wp\/v2\/media\/13016"}],"wp:attachment":[{"href":"https:\/\/twsites.com.br\/novomigcenter\/index.php?rest_route=%2Fwp%2Fv2%2Fmedia&parent=13017"}],"wp:term":[{"taxonomy":"product_brand","embeddable":true,"href":"https:\/\/twsites.com.br\/novomigcenter\/index.php?rest_route=%2Fwp%2Fv2%2Fproduct_brand&post=13017"},{"taxonomy":"product_cat","embeddable":true,"href":"https:\/\/twsites.com.br\/novomigcenter\/index.php?rest_route=%2Fwp%2Fv2%2Fproduct_cat&post=13017"},{"taxonomy":"product_tag","embeddable":true,"href":"https:\/\/twsites.com.br\/novomigcenter\/index.php?rest_route=%2Fwp%2Fv2%2Fproduct_tag&post=13017"}],"curies":[{"name":"wp","href":"https:\/\/api.w.org\/{rel}","templated":true}]}}