{"id":13066,"date":"2021-04-21T11:24:49","date_gmt":"2021-04-21T11:24:49","guid":{"rendered":"https:\/\/twsites.com.br\/novomigcenter\/?product=balanca-dcr-ramuza"},"modified":"2021-04-21T11:24:49","modified_gmt":"2021-04-21T11:24:49","slug":"balanca-dcr-ramuza","status":"publish","type":"product","link":"https:\/\/twsites.com.br\/novomigcenter\/?product=balanca-dcr-ramuza","title":{"rendered":"Balan\u00e7a 15Kg Dupla Escala Ramuza"},"content":{"rendered":"<div class=\"wpb_text_column wpb_content_element \">\n<div class=\"wpb_wrapper\">\n<h2>Possui as capacidades de pesagem de 3, 6, 15 ou 30 kg.<\/h2>\n<\/p><\/div>\n<\/p><\/div>\n<p><\/p>\n<div class=\"vc_empty_space\" style=\"height: 30px\"><span class=\"vc_empty_space_inner\"><\/span><\/div>\n<p><\/p>\n<div class=\"wpb_text_column wpb_content_element \"><strong>Capacidade de pesagem<\/strong><\/p>\n<div class=\"wpb_wrapper\">\n<p> H\u00e1 op\u00e7\u00f5es de dupla ou tripla faixa de pesagem, permitindo na mesma  balan\u00e7a realizar vendas tanto de produtos de alto valor em pequenas  quantidades, como produtos de baixo valor em grandes quantidades.<\/p>\n<p><strong>Modo de pesagem<\/strong>: Visores para peso, pre\u00e7o por quilo e c\u00e1lculo autom\u00e1tico de pre\u00e7o total.&nbsp;&nbsp;&nbsp;&nbsp;&nbsp; <img decoding=\"async\" style=\"width: 338.633px; float: right; height: 338.633px;\" src=\"http:\/\/www.migcenter.com.br\/image\/catalog\/Balanca Led Touch\/cdr.jpg\"><\/p>\n<\/p><\/div>\n<\/p><\/div>\n<p><\/p>\n<p><\/p>\n<p><\/p>\n<p><\/p>\n<p><\/p>\n<p><\/p>\n<p><\/p>\n<p><\/p>\n<p><\/p>\n<p><\/p>\n<p><\/p>\n<p><\/p>\n<p><\/p>\n<div class=\"wpb_column vc_column_container vc_col-sm-12 vc_col-lg-offset-2 vc_col-lg-8 vc_col-md-offset-2 vc_col-md-8\">\n<div class=\"vc_column-inner\">\n<div class=\"wpb_wrapper\">\n<div class=\"wpb_text_column wpb_content_element \">\n<div class=\"wpb_wrapper\">\n<h1 style=\"text-align: center;\">Display<\/h1>\n<\/p><\/div>\n<\/p><\/div>\n<div class=\"vc_empty_space\" style=\"height: 30px\"><span class=\"vc_empty_space_inner\"><\/span><\/div>\n<div class=\"vc_row wpb_row vc_inner vc_row-fluid\">\n<div class=\"wpb_column vc_column_container vc_col-sm-12\">\n<div class=\"vc_column-inner\">\n<div class=\"wpb_wrapper\">\n<div class=\"wpb_text_column wpb_content_element \">\n<div class=\"wpb_wrapper\">\n<p style=\"text-align: center;\">Led Vermelho de alto brilho, ideal para ambientes de pouca luminosidade.<\/p>\n<p style=\"text-align: center;\"><img decoding=\"async\" style=\"width: 505px;\" src=\"http:\/\/www.migcenter.com.br\/image\/catalog\/Balanca Led Touch\/balanca-computadora-led-vermelho-destaque-1.png\"><\/p>\n<p style=\"text-align: center;\"><\/p>\n<p style=\"text-align: center;\"><\/p>\n<\/div>\n<\/div>\n<\/div>\n<\/div>\n<\/div>\n<\/div>\n<\/div>\n<\/div>\n<\/div>\n<div class=\"vc_separator wpb_content_element vc_separator_align_center vc_sep_width_100 vc_sep_pos_align_center vc_separator-has-text\"><span class=\"vc_sep_holder vc_sep_holder_l\"><span style=\"border-color:#dd3333;\" class=\"vc_sep_line\"><\/span><\/span><\/p>\n<h4>Design F\u00e1cil<\/h4>\n<p><span class=\"vc_sep_holder vc_sep_holder_r\"><span style=\"border-color:#dd3333;\" class=\"vc_sep_line\"><\/span><\/span> <\/div>\n<div class=\"wpb_column vc_column_container vc_col-sm-12 vc_col-lg-offset-2 vc_col-lg-8 vc_col-md-offset-2 vc_col-md-8\">\n<div class=\"vc_column-inner\">\n<div class=\"wpb_wrapper\">\n<div class=\"vc_row wpb_row vc_inner vc_row-fluid\">\n<div class=\"wpb_column vc_column_container vc_col-sm-12\">\n<div class=\"vc_column-inner\">\n<div class=\"wpb_wrapper\">\n<div class=\"wpb_text_column wpb_content_element \">\n<div class=\"wpb_wrapper\">\n<p style=\"text-align: center;\"><\/p>\n<\/div>\n<\/div>\n<\/div>\n<\/div>\n<\/div>\n<\/div>\n<\/div>\n<\/div>\n<\/div>\n<div class=\"wpb_text_column wpb_content_element \">\n<div class=\"wpb_wrapper\">\n<p><strong>Indicador de n\u00edvel de bateria<\/strong><br \/> Na vers\u00e3o com bateria, \u00e9 poss\u00edvel identificar atrav\u00e9s do visor da  balan\u00e7a a sua carga, alertando para necessidade de recarreg\u00e1-la.<\/p>\n<p><strong>Leves e livres de ferrugem<\/strong><br \/> Balan\u00e7a totalmente injetada em ABS o que as tornam altamente resistentes  e leves, economizando no frete. Livres de ferrugem, podendo ser  utilizadas em \u00e1reas litor\u00e2neas. Acabamento esmerado.<\/p>\n<p><strong>Prato de pesagem<\/strong><br \/> Prato com exclusivas canaletas, evitando escorrimento de l\u00edquidos do produto pesado na balan\u00e7a. F\u00e1cil higieniza\u00e7\u00e3o.<\/p>\n<p><strong>Bandeja at\u00f3xica e higi\u00eanica exclusiva<\/strong><br \/> Bandeja opcional que se encaixa no prato de inox. Evita escorrimento de  l\u00edquidos e s\u00f3lidos fora da \u00e1rea de pesagem. Injetada com material  at\u00f3xico permitindo a pesagem de alimentos. F\u00e1cil higieniza\u00e7\u00e3o.<\/p>\n<p><strong>Teclado<\/strong><br \/> Design gracioso e de f\u00e1cil opera\u00e7\u00e3o. Possui 16 teclas de f\u00e1cil digita\u00e7\u00e3o e bip sonoro confirmando a opera\u00e7\u00e3o.<\/p>\n<p><strong>Bateria<\/strong><br \/> Opcional para at\u00e9 20 horas.<\/p>\n<\/p><\/div>\n<\/p><\/div>\n<div class=\"wpb_column vc_column_container vc_col-sm-12 vc_col-lg-offset-2 vc_col-lg-8 vc_col-md-offset-2 vc_col-md-8\">\n<div class=\"vc_column-inner\">\n<div class=\"wpb_wrapper\">\n<div class=\"vc_row wpb_row vc_inner vc_row-fluid\">\n<div class=\"wpb_column vc_column_container vc_col-sm-12\">\n<div class=\"vc_column-inner\">\n<div class=\"wpb_wrapper\">\n<div class=\"wpb_text_column wpb_content_element \">\n<div class=\"wpb_wrapper\">\n<p style=\"text-align: center;\"><\/p>\n<\/div>\n<\/div>\n<\/div>\n<\/div>\n<\/div>\n<\/div>\n<\/div>\n<\/div>\n<\/div>\n<div class=\"vc_empty_space\" style=\"height: 32px\"><span class=\"vc_empty_space_inner\"><\/span><\/div>\n<div class=\"wpb_column vc_column_container vc_col-sm-12 vc_col-lg-offset-2 vc_col-lg-8 vc_col-md-offset-2 vc_col-md-8\">\n<div class=\"vc_column-inner\">\n<div class=\"wpb_wrapper\">\n<div class=\"vc_row wpb_row vc_inner vc_row-fluid\">\n<div class=\"wpb_column vc_column_container vc_col-sm-12\">\n<div class=\"vc_column-inner\">\n<div class=\"wpb_wrapper\">\n<div class=\"wpb_text_column wpb_content_element \">\n<div class=\"wpb_wrapper\">\n<p style=\"text-align: center;\"><\/p>\n<\/div>\n<\/div>\n<\/div>\n<\/div>\n<\/div>\n<\/div>\n<\/div>\n<\/div>\n<\/div>\n<div class=\"vc_empty_space\" style=\"height: 32px\"><span class=\"vc_empty_space_inner\"><\/span><\/div>\n<div class=\"wpb_column vc_column_container vc_col-sm-12 vc_col-lg-offset-2 vc_col-lg-8 vc_col-md-offset-2 vc_col-md-8\">\n<div class=\"vc_column-inner\">\n<div class=\"wpb_wrapper\">\n<div class=\"vc_row wpb_row vc_inner vc_row-fluid\">\n<div class=\"wpb_column vc_column_container vc_col-sm-12\">\n<div class=\"vc_column-inner\">\n<div class=\"wpb_wrapper\">\n<div class=\"wpb_text_column wpb_content_element \">\n<div class=\"wpb_wrapper\">\n<p style=\"text-align: center;\"><\/p>\n<\/div>\n<\/div>\n<\/div>\n<\/div>\n<\/div>\n<\/div>\n<\/div>\n<\/div>\n<\/div>\n<div class=\"vc_separator wpb_content_element vc_separator_align_center vc_sep_width_100 vc_sep_pos_align_center vc_separator-has-text\"><span class=\"vc_sep_holder vc_sep_holder_l\"><span style=\"border-color:#dd3333;\" class=\"vc_sep_line\"><\/span><\/span><\/p>\n<h4>Caracter\u00edsticas T\u00e9cnicas<\/h4>\n<p><span class=\"vc_sep_holder vc_sep_holder_r\"><span style=\"border-color:#dd3333;\" class=\"vc_sep_line\"><\/span><\/span> <\/div>\n<div class=\"wpb_column vc_column_container vc_col-sm-12 vc_col-lg-offset-2 vc_col-lg-8 vc_col-md-offset-2 vc_col-md-8\">\n<div class=\"vc_column-inner\">\n<div class=\"wpb_wrapper\">\n<div class=\"vc_row wpb_row vc_inner vc_row-fluid\">\n<div class=\"wpb_column vc_column_container vc_col-sm-12\">\n<div class=\"vc_column-inner\">\n<div class=\"wpb_wrapper\">\n<div class=\"wpb_text_column wpb_content_element \">\n<div class=\"wpb_wrapper\">\n<p style=\"text-align: center;\"><\/p>\n<\/div>\n<\/div>\n<\/div>\n<\/div>\n<\/div>\n<\/div>\n<\/div>\n<\/div>\n<\/div>\n<div class=\"wpb_text_column wpb_content_element \">\n<div class=\"wpb_wrapper\">\n<p><strong>Fun\u00e7\u00e3o Tara<\/strong><br \/> \u00c9 poss\u00edvel fixar o peso do recipiente (tara), facilitando a pesagem de produtos.<\/p>\n<p><strong>Alimenta\u00e7\u00e3o<\/strong><br \/> Fonte externa para 110 \/ 220 VCA (bivolt autom\u00e1tico).<\/p>\n<p><strong>Pot\u00eancia<\/strong><br \/> Consumo m\u00e1ximo de 15 W. Baixo consumo de energia.<\/p>\n<p><strong>Garantia e Assist\u00eancia T\u00e9cnica<\/strong><br \/> 12 meses para defeitos de fabrica\u00e7\u00e3o a partir da data de compra. Um dos  mais baixos custos de manuten\u00e7\u00e3o do mercado para equipamentos fora da  garantia.<\/p>\n<p><strong>Comunica\u00e7\u00e3o<\/strong><br \/> Possui comunica\u00e7\u00e3o opcional RS 232 para computadores e etiquetadores, permitindo a transmiss\u00e3o de dados da balan\u00e7a.<\/p>\n<\/p><\/div>\n<\/p><\/div>\n<div class=\"wpb_column vc_column_container vc_col-sm-12 vc_col-lg-offset-2 vc_col-lg-8 vc_col-md-offset-2 vc_col-md-8\">\n<div class=\"vc_column-inner\">\n<div class=\"wpb_wrapper\">\n<div class=\"vc_row wpb_row vc_inner vc_row-fluid\">\n<div class=\"wpb_column vc_column_container vc_col-sm-12\">\n<div class=\"vc_column-inner\">\n<div class=\"wpb_wrapper\">\n<div class=\"wpb_text_column wpb_content_element \">\n<div class=\"wpb_wrapper\">\n<p style=\"text-align: center;\"><\/p>\n<p style=\"text-align: center;\"><\/p>\n<p style=\"text-align: center;\"><\/p>\n<p style=\"text-align: center;\"><\/p>\n<p style=\"text-align: center;\"><\/p>\n<p style=\"text-align: center;\"><\/p>\n<p style=\"text-align: center;\"><\/p>\n<\/p><\/div>\n<\/p><\/div>\n<\/p><\/div>\n<\/div>\n<\/div>\n<\/div>\n<\/div>\n<\/div>\n<\/div>\n<p><\/p>\n<p><\/p>\n","protected":false},"excerpt":{"rendered":"<p>Possui as capacidades de pesagem de 3, 6, 15 ou 30 kg. Capacidade de pesagem H\u00e1 op\u00e7\u00f5es de dupla ou tripla faixa de pesagem, permitindo na mesma balan\u00e7a realizar vendas tanto de produtos de alto valor em pequenas quantidades, como produtos de baixo valor em grandes quantidades. Modo de pesagem: Visores para peso, pre\u00e7o por [&hellip;]<\/p>\n","protected":false},"featured_media":13065,"comment_status":"open","ping_status":"closed","template":"","meta":[],"product_brand":[],"product_cat":[297],"product_tag":[],"class_list":{"0":"post-13066","1":"product","2":"type-product","3":"status-publish","4":"has-post-thumbnail","6":"product_cat-balanca","8":"first","9":"instock","10":"shipping-taxable","11":"purchasable","12":"product-type-simple"},"_links":{"self":[{"href":"https:\/\/twsites.com.br\/novomigcenter\/index.php?rest_route=\/wp\/v2\/product\/13066","targetHints":{"allow":["GET"]}}],"collection":[{"href":"https:\/\/twsites.com.br\/novomigcenter\/index.php?rest_route=\/wp\/v2\/product"}],"about":[{"href":"https:\/\/twsites.com.br\/novomigcenter\/index.php?rest_route=\/wp\/v2\/types\/product"}],"replies":[{"embeddable":true,"href":"https:\/\/twsites.com.br\/novomigcenter\/index.php?rest_route=%2Fwp%2Fv2%2Fcomments&post=13066"}],"wp:featuredmedia":[{"embeddable":true,"href":"https:\/\/twsites.com.br\/novomigcenter\/index.php?rest_route=\/wp\/v2\/media\/13065"}],"wp:attachment":[{"href":"https:\/\/twsites.com.br\/novomigcenter\/index.php?rest_route=%2Fwp%2Fv2%2Fmedia&parent=13066"}],"wp:term":[{"taxonomy":"product_brand","embeddable":true,"href":"https:\/\/twsites.com.br\/novomigcenter\/index.php?rest_route=%2Fwp%2Fv2%2Fproduct_brand&post=13066"},{"taxonomy":"product_cat","embeddable":true,"href":"https:\/\/twsites.com.br\/novomigcenter\/index.php?rest_route=%2Fwp%2Fv2%2Fproduct_cat&post=13066"},{"taxonomy":"product_tag","embeddable":true,"href":"https:\/\/twsites.com.br\/novomigcenter\/index.php?rest_route=%2Fwp%2Fv2%2Fproduct_tag&post=13066"}],"curies":[{"name":"wp","href":"https:\/\/api.w.org\/{rel}","templated":true}]}}