{"id":13119,"date":"2021-04-28T12:29:56","date_gmt":"2021-04-28T12:29:56","guid":{"rendered":"https:\/\/twsites.com.br\/novomigcenter\/?product=cz-75i-gpaniz"},"modified":"2021-04-28T12:29:56","modified_gmt":"2021-04-28T12:29:56","slug":"cz-75i-gpaniz","status":"publish","type":"product","link":"https:\/\/twsites.com.br\/novomigcenter\/?product=cz-75i-gpaniz","title":{"rendered":"Cozerella em inox 75L &#8211; CZ 75i &#8211; G.Paniz"},"content":{"rendered":"<p>Ideal para preparo de massas de salgados (coxinha e rissole), molhos,  polenta e doces de fruta. Indicado para ind\u00fastrias de salgados e doces,  restaurantes e similares.<\/p>\n<ul>\n<li>Correntes tipo ASA 35 em a\u00e7o temperado (modelos CZ 22, CZ 37 e CZ 75).<\/li>\n<li>Engrenagens em a\u00e7o SAE 1020.<\/li>\n<li>Estrutura mais robusta do mercado.<\/li>\n<li>Batedor em a\u00e7o carbono revestido com cromo duro.<\/li>\n<li>Cuba remov\u00edvel em alum\u00ednio fundido que facilita a higieniza\u00e7\u00e3o.<\/li>\n<li>Pedal e alavanca para bascular.<\/li>\n<li>Dispon\u00edvel em ep\u00f3xi ou a\u00e7o inox (modelo CZ 75).<\/li>\n<\/ul>\n<p><img decoding=\"async\" style=\"width: 50%;\" src=\"http:\/\/www.migcenter.com.br\/image\/catalog\/Cozerella\/Cz75 tecnic.png\"><\/p>\n","protected":false},"excerpt":{"rendered":"<p>Ideal para preparo de massas de salgados (coxinha e rissole), molhos, polenta e doces de fruta. Indicado para ind\u00fastrias de salgados e doces, restaurantes e similares. Correntes tipo ASA 35 em a\u00e7o temperado (modelos CZ 22, CZ 37 e CZ 75). Engrenagens em a\u00e7o SAE 1020. Estrutura mais robusta do mercado. Batedor em a\u00e7o carbono [&hellip;]<\/p>\n","protected":false},"featured_media":13118,"comment_status":"open","ping_status":"closed","template":"","meta":[],"product_brand":[],"product_cat":[433],"product_tag":[],"class_list":{"0":"post-13119","1":"product","2":"type-product","3":"status-publish","4":"has-post-thumbnail","6":"product_cat-misturador-para-padaria","8":"first","9":"instock","10":"shipping-taxable","11":"purchasable","12":"product-type-simple"},"_links":{"self":[{"href":"https:\/\/twsites.com.br\/novomigcenter\/index.php?rest_route=\/wp\/v2\/product\/13119","targetHints":{"allow":["GET"]}}],"collection":[{"href":"https:\/\/twsites.com.br\/novomigcenter\/index.php?rest_route=\/wp\/v2\/product"}],"about":[{"href":"https:\/\/twsites.com.br\/novomigcenter\/index.php?rest_route=\/wp\/v2\/types\/product"}],"replies":[{"embeddable":true,"href":"https:\/\/twsites.com.br\/novomigcenter\/index.php?rest_route=%2Fwp%2Fv2%2Fcomments&post=13119"}],"wp:featuredmedia":[{"embeddable":true,"href":"https:\/\/twsites.com.br\/novomigcenter\/index.php?rest_route=\/wp\/v2\/media\/13118"}],"wp:attachment":[{"href":"https:\/\/twsites.com.br\/novomigcenter\/index.php?rest_route=%2Fwp%2Fv2%2Fmedia&parent=13119"}],"wp:term":[{"taxonomy":"product_brand","embeddable":true,"href":"https:\/\/twsites.com.br\/novomigcenter\/index.php?rest_route=%2Fwp%2Fv2%2Fproduct_brand&post=13119"},{"taxonomy":"product_cat","embeddable":true,"href":"https:\/\/twsites.com.br\/novomigcenter\/index.php?rest_route=%2Fwp%2Fv2%2Fproduct_cat&post=13119"},{"taxonomy":"product_tag","embeddable":true,"href":"https:\/\/twsites.com.br\/novomigcenter\/index.php?rest_route=%2Fwp%2Fv2%2Fproduct_tag&post=13119"}],"curies":[{"name":"wp","href":"https:\/\/api.w.org\/{rel}","templated":true}]}}