{"id":13121,"date":"2021-04-28T12:35:15","date_gmt":"2021-04-28T12:35:15","guid":{"rendered":"https:\/\/twsites.com.br\/novomigcenter\/?product=mcm-15-gastromaq"},"modified":"2026-02-12T20:44:49","modified_gmt":"2026-02-12T20:44:49","slug":"mcm-15-gastromaq","status":"publish","type":"product","link":"https:\/\/twsites.com.br\/novomigcenter\/?product=mcm-15-gastromaq","title":{"rendered":"Maquina de Cozimento e Misturadora 15L MCM-15 &#8211; Gastromaq"},"content":{"rendered":"<p>Ideal para o preparo de massas de salgados (coxinhas e rissoles), molhos, polenta e doces de fruta.<\/p>\n<ul>\n<li>Cuba remov\u00edvel em alum\u00ednio fundido que facilita a limpeza;<\/li>\n<li>Queimador de alta press\u00e3o, com chama dupla \u00f8 150mm;<\/li>\n<li>Grade de prote\u00e7\u00e3o remov\u00edvel;<\/li>\n<li>Bivolt autom\u00e1tica;<\/li>\n<li>Batedor em a\u00e7o carbono revestido em estanho;<\/li>\n<li>Com p\u00e1s pl\u00e1sticas remov\u00edveis;<\/li>\n<li>Compacta, otimizando o uso do espa\u00e7o;<\/li>\n<li>Alavanca de basculamento e pino de travamento da panela do mesmo lado, facilitando o manuseio;<\/li>\n<li>Maior \u00e1rea de abertura para acesso a cuba;<\/li>\n<li>Dispon\u00edvel em ep\u00f3xi com acabamentos em a\u00e7o inox escovado;<\/li>\n<li>Capacidade do tacho: 15 litros<\/li>\n<\/ul>\n<p><img decoding=\"async\" style=\"width: 50%;\" src=\"http:\/\/www.migcenter.com.br\/image\/catalog\/Cozerella\/mcm 15 tecnic.png\"><\/p>\n","protected":false},"excerpt":{"rendered":"<p>Ideal para o preparo de massas de salgados (coxinhas e rissoles), molhos, polenta e doces de fruta. Cuba remov\u00edvel em alum\u00ednio fundido que facilita a limpeza; Queimador de alta press\u00e3o, com chama dupla \u00f8 150mm; Grade de prote\u00e7\u00e3o remov\u00edvel; Bivolt autom\u00e1tica; Batedor em a\u00e7o carbono revestido em estanho; Com p\u00e1s pl\u00e1sticas remov\u00edveis; Compacta, otimizando o [&hellip;]<\/p>\n","protected":false},"featured_media":13120,"comment_status":"open","ping_status":"closed","template":"","meta":[],"product_brand":[],"product_cat":[433],"product_tag":[],"class_list":{"0":"post-13121","1":"product","2":"type-product","3":"status-publish","4":"has-post-thumbnail","6":"product_cat-misturador-para-padaria","8":"first","9":"instock","10":"shipping-taxable","11":"purchasable","12":"product-type-simple"},"_links":{"self":[{"href":"https:\/\/twsites.com.br\/novomigcenter\/index.php?rest_route=\/wp\/v2\/product\/13121","targetHints":{"allow":["GET"]}}],"collection":[{"href":"https:\/\/twsites.com.br\/novomigcenter\/index.php?rest_route=\/wp\/v2\/product"}],"about":[{"href":"https:\/\/twsites.com.br\/novomigcenter\/index.php?rest_route=\/wp\/v2\/types\/product"}],"replies":[{"embeddable":true,"href":"https:\/\/twsites.com.br\/novomigcenter\/index.php?rest_route=%2Fwp%2Fv2%2Fcomments&post=13121"}],"wp:featuredmedia":[{"embeddable":true,"href":"https:\/\/twsites.com.br\/novomigcenter\/index.php?rest_route=\/wp\/v2\/media\/13120"}],"wp:attachment":[{"href":"https:\/\/twsites.com.br\/novomigcenter\/index.php?rest_route=%2Fwp%2Fv2%2Fmedia&parent=13121"}],"wp:term":[{"taxonomy":"product_brand","embeddable":true,"href":"https:\/\/twsites.com.br\/novomigcenter\/index.php?rest_route=%2Fwp%2Fv2%2Fproduct_brand&post=13121"},{"taxonomy":"product_cat","embeddable":true,"href":"https:\/\/twsites.com.br\/novomigcenter\/index.php?rest_route=%2Fwp%2Fv2%2Fproduct_cat&post=13121"},{"taxonomy":"product_tag","embeddable":true,"href":"https:\/\/twsites.com.br\/novomigcenter\/index.php?rest_route=%2Fwp%2Fv2%2Fproduct_tag&post=13121"}],"curies":[{"name":"wp","href":"https:\/\/api.w.org\/{rel}","templated":true}]}}