{"id":13125,"date":"2023-04-18T14:45:37","date_gmt":"2023-04-18T14:45:37","guid":{"rendered":"https:\/\/twsites.com.br\/novomigcenter\/?product=cutter-8l-skymsen"},"modified":"2023-04-18T14:45:37","modified_gmt":"2023-04-18T14:45:37","slug":"cutter-8l-skymsen","status":"publish","type":"product","link":"https:\/\/twsites.com.br\/novomigcenter\/?product=cutter-8l-skymsen","title":{"rendered":"Cutter 8L Industrial Skymsen 220V"},"content":{"rendered":"<h3 class=\"title\" style=\"font-family: OpenSans; font-weight: 800; color: rgb(69, 69, 69); margin-right: 0px; margin-bottom: 3px; margin-left: 0px; font-size: 30px; border: 0px; vertical-align: baseline; padding: 0px; text-transform: uppercase; outline: none !important;\">CR-8L<\/h3>\n<h4 class=\"subtitle\" style=\"font-family: OpenSans; font-weight: 800; color: rgb(69, 69, 69); margin-right: 0px; margin-bottom: 17px; margin-left: 0px; font-size: 18px; border: 0px; vertical-align: baseline; padding: 0px; text-transform: uppercase; outline: none !important;\">CUTTER INOX, 8 LITROS<\/h4>\n<div class=\"text\" style=\"border: 0px; margin: 0px 0px 30px; padding: 0px; color: rgb(69, 69, 69); font-size: 18px; font-family: OpenSans; outline: none !important;\">\n<p style=\"margin-bottom: 0px; border: 0px; vertical-align: baseline; padding: 0px 0px 15px; outline: none !important;\">Voc\u00ea consegue visualizar sua cozinha comercial atendendo as altas demandas do seu neg\u00f3cio com mais praticidade, rapidez e qualidade? Sabe que isso \u00e9 poss\u00edvel com os equipamentos de alta performance da&nbsp;<a href=\"https:\/\/www.skymsen.com\/\" style=\"color: rgb(0, 0, 0); border: 0px; vertical-align: baseline; margin: 0px; padding: 0px; outline: none !important;\">Skymsen<\/a>, como o&nbsp;<span style=\"font-weight: 700; border: 0px; vertical-align: baseline; margin: 0px; padding: 0px; outline: none !important;\">processador de alimentos Cutter<\/span>, parceiro vers\u00e1til que o seu estabelecimento precisa.<\/p>\n<p style=\"margin-bottom: 0px; border: 0px; vertical-align: baseline; padding: 0px 0px 15px; outline: none !important;\">&nbsp;<\/p>\n<p style=\"margin-bottom: 0px; border: 0px; vertical-align: baseline; padding: 0px 0px 15px; outline: none !important;\">Robusto e eficiente, o&nbsp;<span style=\"font-weight: 700; border: 0px; vertical-align: baseline; margin: 0px; padding: 0px; outline: none !important;\">processador de alimentos Cutter&nbsp;<\/span>conta com l\u00e2mina multiuso ideal para picar rapidamente os ingredientes, preparar molhos, cremes e muito mais! Isso s\u00f3 \u00e9 poss\u00edvel porque o equipamento conta com um super motor potente que desenvolve um 1CV de pot\u00eancia.<\/p>\n<p style=\"margin-bottom: 0px; border: 0px; vertical-align: baseline; padding: 0px 0px 15px; outline: none !important;\">&nbsp;<\/p>\n<p style=\"margin-bottom: 0px; border: 0px; vertical-align: baseline; padding: 0px 0px 15px; outline: none !important;\">A excel\u00eancia em pot\u00eancia combinada com materiais de extrema qualidade d\u00e3o forma ao&nbsp;<span style=\"font-weight: 700; border: 0px; vertical-align: baseline; margin: 0px; padding: 0px; outline: none !important;\">processador de alimentos Cutter&nbsp;<\/span>da&nbsp;<a href=\"https:\/\/www.skymsen.com\/\" style=\"color: rgb(0, 0, 0); border: 0px; vertical-align: baseline; margin: 0px; padding: 0px; outline: none !important;\">Skymsen<\/a>, que desenvolveu esse equipamento todo em a\u00e7o inoxid\u00e1vel para que a sua cozinha conte com equipamentos de alta durabilidade. Para que voc\u00ea tenha mais qualidade e praticidade nos preparos, o&nbsp;<span style=\"font-weight: 700; border: 0px; vertical-align: baseline; margin: 0px; padding: 0px; outline: none !important;\">processador de alimentos Cutter&nbsp;<\/span>conta com uma exclusiva tampa transparente com dosador. E para a seguran\u00e7a do operador, a&nbsp;<a href=\"https:\/\/www.skymsen.com\/\" style=\"color: rgb(0, 0, 0); border: 0px; vertical-align: baseline; margin: 0px; padding: 0px; outline: none !important;\">Skymsen<\/a>&nbsp;incluiu o sensor de seguran\u00e7a que desliga automaticamente a m\u00e1quina ao remover a tampa.<\/p>\n<p style=\"margin-bottom: 0px; border: 0px; vertical-align: baseline; padding: 0px 0px 15px; outline: none !important;\">&nbsp;<\/p>\n<p style=\"margin-bottom: 0px; border: 0px; vertical-align: baseline; padding: 0px 0px 15px; outline: none !important;\">O&nbsp;<span style=\"font-weight: 700; border: 0px; vertical-align: baseline; margin: 0px; padding: 0px; outline: none !important;\">processador de alimentos Cutter<\/span>&nbsp;da&nbsp;<a href=\"https:\/\/www.skymsen.com\/\" style=\"color: rgb(0, 0, 0); border: 0px; vertical-align: baseline; margin: 0px; padding: 0px; outline: none !important;\">Skymsen<\/a>&nbsp;\u00e9 tudo o que voc\u00ea precisa para dar mais agilidade as v\u00e1rias demandas de sua cozinha, restaurante, catering, hamburguerias, charcutarias, padarias, sorveterias, confeitarias e outros profissionais do food service. Agregue mais performance e dinamismo ao seu&nbsp;<span style=\"font-weight: 700; border: 0px; vertical-align: baseline; margin: 0px; padding: 0px; outline: none !important;\">Cutter<\/span>&nbsp;com as pe\u00e7as opcionais.<\/p>\n<p style=\"margin-bottom: 0px; border: 0px; vertical-align: baseline; padding: 0px 0px 15px; outline: none !important;\">&nbsp;<\/p>\n<p style=\"margin-bottom: 0px; border: 0px; vertical-align: baseline; padding: 0px 0px 15px; outline: none !important;\">Opcionais:<\/p>\n<p style=\"margin-bottom: 0px; border: 0px; vertical-align: baseline; padding: 0px 0px 15px; outline: none !important;\">&nbsp;<\/p>\n<p style=\"margin-bottom: 0px; border: 0px; vertical-align: baseline; padding: 0px 0px 15px; outline: none !important;\">LDC-8L&nbsp;&#8211;&nbsp;<span style=\"font-weight: 700; border: 0px; vertical-align: baseline; margin: 0px; padding: 0px; outline: none !important;\">L\u00e2mina Desfiadora<\/span>&nbsp;\u2013 Lamina especial sem fio de corte,&nbsp;usada para desfiar frangos e carnes cozidas.<\/p>\n<p style=\"margin-bottom: 0px; border: 0px; vertical-align: baseline; padding: 0px 0px 15px; outline: none !important;\">RP-8L&nbsp;&#8211;&nbsp;<span style=\"font-weight: 700; border: 0px; vertical-align: baseline; margin: 0px; padding: 0px; outline: none !important;\">Raspador&nbsp;<\/span>\u2013 Bra\u00e7o raspador que pode ser acoplado a tampa.Raspe as laterais do copo, acelerando o&nbsp;preparo e deixando o resultado mais homog\u00eaneo. Ideal para receitas como pasta de amendoim e h\u00fammus.<\/p>\n<p style=\"margin-bottom: 0px; border: 0px; vertical-align: baseline; padding: 0px 0px 15px; outline: none !important;\"><\/p>\n<h3 class=\"title__info\" style=\"font-family: OpenSans; font-weight: 800; line-height: 20px; color: rgb(69, 69, 69); margin-right: 0px; margin-bottom: 20px; margin-left: 0px; font-size: 20px; border: 0px; vertical-align: baseline; padding: 0px; text-transform: uppercase; outline: none !important;\">CARACTER\u00cdSTICAS T\u00c9CNICAS<\/h3>\n<div class=\"box-table\" style=\"border: 0px; margin: 0px; padding: 0px; color: rgb(0, 0, 0); font-size: 15px; outline: none !important;\">\n<div class=\"row\" style=\"border: 0px; margin-top: 0px; margin-bottom: 0px; padding: 0px; outline: none !important;\">\n<div class=\"col-md-12\" style=\"border: 0px; margin: 0px; padding-top: 0px; padding-bottom: 0px; width: 538px; outline: none !important;\">\n<div class=\"item\" style=\"border-width: 1px 0px 0px; border-style: solid; border-color: rgb(187, 187, 187); border-image: initial; margin: 0px; padding: 10px 0px; color: rgb(77, 79, 80); font-size: 13px; min-height: 55px; line-height: 1.2; display: flex; flex-wrap: wrap; align-content: center; outline: none !important;\"><span style=\"font-weight: 700; border: 0px; vertical-align: baseline; margin: 0px 5px 0px 0px; padding: 0px; display: inline-block; outline: none !important;\">C\u00f3digo:<\/span>61949.3<\/div>\n<\/div>\n<div class=\"col-md-12\" style=\"border: 0px; margin: 0px; padding-top: 0px; padding-bottom: 0px; width: 538px; outline: none !important;\">\n<div class=\"item\" style=\"border-width: 1px 0px 0px; border-style: solid; border-color: rgb(187, 187, 187); border-image: initial; margin: 0px; padding: 10px 0px; color: rgb(77, 79, 80); font-size: 13px; min-height: 55px; line-height: 1.2; display: flex; flex-wrap: wrap; align-content: center; outline: none !important;\"><span style=\"font-weight: 700; border: 0px; vertical-align: baseline; margin: 0px 5px 0px 0px; padding: 0px; display: inline-block; outline: none !important;\">Modelo:<\/span>CR-8L<\/div>\n<\/div>\n<div class=\"col-md-12\" style=\"border: 0px; margin: 0px; padding-top: 0px; padding-bottom: 0px; width: 538px; outline: none !important;\">\n<div class=\"item\" style=\"border-width: 1px 0px 0px; border-style: solid; border-color: rgb(187, 187, 187); border-image: initial; margin: 0px; padding: 10px 0px; color: rgb(77, 79, 80); font-size: 13px; min-height: 55px; line-height: 1.2; display: flex; flex-wrap: wrap; align-content: center; outline: none !important;\"><span style=\"font-weight: 700; border: 0px; vertical-align: baseline; margin: 0px 5px 0px 0px; padding: 0px; display: inline-block; outline: none !important;\">Tens\u00e3o el\u00e9trica \/ frequ\u00eancia \/ fases:<\/span>220 V \/ 60 Hz \/ 1<\/div>\n<\/div>\n<div class=\"col-md-12\" style=\"border: 0px; margin: 0px; padding-top: 0px; padding-bottom: 0px; width: 538px; outline: none !important;\">\n<div class=\"item\" style=\"border-width: 1px 0px 0px; border-style: solid; border-color: rgb(187, 187, 187); border-image: initial; margin: 0px; padding: 10px 0px; color: rgb(77, 79, 80); font-size: 13px; min-height: 55px; line-height: 1.2; display: flex; flex-wrap: wrap; align-content: center; outline: none !important;\"><span style=\"font-weight: 700; border: 0px; vertical-align: baseline; margin: 0px 5px 0px 0px; padding: 0px; display: inline-block; outline: none !important;\">Pot\u00eancia nominal:<\/span>1000 W<\/div>\n<\/div>\n<div class=\"col-md-12\" style=\"border: 0px; margin: 0px; padding-top: 0px; padding-bottom: 0px; width: 538px; outline: none !important;\">\n<div class=\"item\" style=\"border-width: 1px 0px 0px; border-style: solid; border-color: rgb(187, 187, 187); border-image: initial; margin: 0px; padding: 10px 0px; color: rgb(77, 79, 80); font-size: 13px; min-height: 55px; line-height: 1.2; display: flex; flex-wrap: wrap; align-content: center; outline: none !important;\"><span style=\"font-weight: 700; border: 0px; vertical-align: baseline; margin: 0px 5px 0px 0px; padding: 0px; display: inline-block; outline: none !important;\">Pot\u00eancia do motor:<\/span>1 CV<\/div>\n<\/div>\n<div class=\"col-md-12\" style=\"border: 0px; margin: 0px; padding-top: 0px; padding-bottom: 0px; width: 538px; outline: none !important;\">\n<div class=\"item\" style=\"border-width: 1px 0px 0px; border-style: solid; border-color: rgb(187, 187, 187); border-image: initial; margin: 0px; padding: 10px 0px; color: rgb(77, 79, 80); font-size: 13px; min-height: 55px; line-height: 1.2; display: flex; flex-wrap: wrap; align-content: center; outline: none !important;\"><span style=\"font-weight: 700; border: 0px; vertical-align: baseline; margin: 0px 5px 0px 0px; padding: 0px; display: inline-block; outline: none !important;\">Consumo:<\/span>1 kW\u00b7h<\/div>\n<\/div>\n<div class=\"col-md-12\" style=\"border: 0px; margin: 0px; padding-top: 0px; padding-bottom: 0px; width: 538px; outline: none !important;\">\n<div class=\"item\" style=\"border-width: 1px 0px 0px; border-style: solid; border-color: rgb(187, 187, 187); border-image: initial; margin: 0px; padding: 10px 0px; color: rgb(77, 79, 80); font-size: 13px; min-height: 55px; line-height: 1.2; display: flex; flex-wrap: wrap; align-content: center; outline: none !important;\"><span style=\"font-weight: 700; border: 0px; vertical-align: baseline; margin: 0px 5px 0px 0px; padding: 0px; display: inline-block; outline: none !important;\">Dimens\u00f5es (AxLxP):<\/span>525 x 320 x 335 mm<\/div>\n<\/div>\n<div class=\"col-md-12\" style=\"border: 0px; margin: 0px; padding-top: 0px; padding-bottom: 0px; width: 538px; outline: none !important;\">\n<div class=\"item\" style=\"border-width: 1px 0px 0px; border-style: solid; border-color: rgb(187, 187, 187); border-image: initial; margin: 0px; padding: 10px 0px; color: rgb(77, 79, 80); font-size: 13px; min-height: 55px; line-height: 1.2; display: flex; flex-wrap: wrap; align-content: center; outline: none !important;\"><span style=\"font-weight: 700; border: 0px; vertical-align: baseline; margin: 0px 5px 0px 0px; padding: 0px; display: inline-block; outline: none !important;\">Dimens\u00f5es da embalagem (AxLxP):<\/span>600 x 360 x 380 mm<\/div>\n<\/div>\n<div class=\"col-md-12\" style=\"border: 0px; margin: 0px; padding-top: 0px; padding-bottom: 0px; width: 538px; outline: none !important;\">\n<div class=\"item\" style=\"border-width: 1px 0px 0px; border-style: solid; border-color: rgb(187, 187, 187); border-image: initial; margin: 0px; padding: 10px 0px; color: rgb(77, 79, 80); font-size: 13px; min-height: 55px; line-height: 1.2; display: flex; flex-wrap: wrap; align-content: center; outline: none !important;\"><span style=\"font-weight: 700; border: 0px; vertical-align: baseline; margin: 0px 5px 0px 0px; padding: 0px; display: inline-block; outline: none !important;\">Peso l\u00edquido \/ bruto:<\/span>19,10 kg \/ 20,70 kg<\/div>\n<\/div>\n<div class=\"col-md-12\" style=\"border: 0px; margin: 0px; padding-top: 0px; padding-bottom: 0px; width: 538px; outline: none !important;\">\n<div class=\"item\" style=\"border-width: 1px 0px 0px; border-style: solid; border-color: rgb(187, 187, 187); border-image: initial; margin: 0px; padding: 10px 0px; color: rgb(77, 79, 80); font-size: 13px; min-height: 55px; line-height: 1.2; display: flex; flex-wrap: wrap; align-content: center; outline: none !important;\"><span style=\"font-weight: 700; border: 0px; vertical-align: baseline; margin: 0px 5px 0px 0px; padding: 0px; display: inline-block; outline: none !important;\">Rota\u00e7\u00e3o:<\/span>1.750 rpm<\/div>\n<\/div>\n<div class=\"col-md-12\" style=\"border: 0px; margin: 0px; padding-top: 0px; padding-bottom: 0px; width: 538px; outline: none !important;\">\n<div class=\"item\" style=\"border-width: 1px 0px 0px; border-style: solid; border-color: rgb(187, 187, 187); border-image: initial; margin: 0px; padding: 10px 0px; color: rgb(77, 79, 80); font-size: 13px; min-height: 55px; line-height: 1.2; display: flex; flex-wrap: wrap; align-content: center; outline: none !important;\"><span style=\"font-weight: 700; border: 0px; vertical-align: baseline; margin: 0px 5px 0px 0px; padding: 0px; display: inline-block; outline: none !important;\">Volume do bojo:<\/span>8 L<\/div>\n<\/div>\n<div class=\"col-md-12\" style=\"border: 0px; margin: 0px; padding-top: 0px; padding-bottom: 0px; width: 538px; outline: none !important;\">\n<div class=\"item\" style=\"border-width: 1px 0px 0px; border-style: solid; border-color: rgb(187, 187, 187); border-image: initial; margin: 0px; padding: 10px 0px; color: rgb(77, 79, 80); font-size: 13px; min-height: 55px; line-height: 1.2; display: flex; flex-wrap: wrap; align-content: center; outline: none !important;\"><span style=\"font-weight: 700; border: 0px; vertical-align: baseline; margin: 0px 5px 0px 0px; padding: 0px; display: inline-block; outline: none !important;\">Classifica\u00e7\u00e3o fiscal (NCM):<\/span>84386000<\/div>\n<\/div>\n<div class=\"col-md-12\" style=\"border: 0px; margin: 0px; padding-top: 0px; padding-bottom: 0px; width: 538px; outline: none !important;\">\n<div class=\"item\" style=\"border-width: 1px 0px 0px; border-style: solid; border-color: rgb(187, 187, 187); border-image: initial; margin: 0px; padding: 10px 0px; color: rgb(77, 79, 80); font-size: 13px; min-height: 55px; line-height: 1.2; display: flex; flex-wrap: wrap; align-content: center; outline: none !important;\"><span style=\"font-weight: 700; border: 0px; vertical-align: baseline; margin: 0px 5px 0px 0px; padding: 0px; display: inline-block; outline: none !important;\">EAN-13:<\/span>7895707619494<\/div>\n<\/div>\n<\/div>\n<\/div>\n<\/div>\n","protected":false},"excerpt":{"rendered":"<p>CR-8L CUTTER INOX, 8 LITROS Voc\u00ea consegue visualizar sua cozinha comercial atendendo as altas demandas do seu neg\u00f3cio com mais praticidade, rapidez e qualidade? Sabe que isso \u00e9 poss\u00edvel com os equipamentos de alta performance da&nbsp;Skymsen, como o&nbsp;processador de alimentos Cutter, parceiro vers\u00e1til que o seu estabelecimento precisa. &nbsp; Robusto e eficiente, o&nbsp;processador de alimentos [&hellip;]<\/p>\n","protected":false},"featured_media":13124,"comment_status":"open","ping_status":"closed","template":"","meta":[],"product_brand":[],"product_cat":[302,440],"product_tag":[775],"class_list":{"0":"post-13125","1":"product","2":"type-product","3":"status-publish","4":"has-post-thumbnail","6":"product_cat-cutter","7":"product_cat-maquinas","8":"product_tag-cutter-8l-industrial-skymsen-220v","10":"first","11":"instock","12":"shipping-taxable","13":"purchasable","14":"product-type-simple"},"_links":{"self":[{"href":"https:\/\/twsites.com.br\/novomigcenter\/index.php?rest_route=\/wp\/v2\/product\/13125","targetHints":{"allow":["GET"]}}],"collection":[{"href":"https:\/\/twsites.com.br\/novomigcenter\/index.php?rest_route=\/wp\/v2\/product"}],"about":[{"href":"https:\/\/twsites.com.br\/novomigcenter\/index.php?rest_route=\/wp\/v2\/types\/product"}],"replies":[{"embeddable":true,"href":"https:\/\/twsites.com.br\/novomigcenter\/index.php?rest_route=%2Fwp%2Fv2%2Fcomments&post=13125"}],"wp:featuredmedia":[{"embeddable":true,"href":"https:\/\/twsites.com.br\/novomigcenter\/index.php?rest_route=\/wp\/v2\/media\/13124"}],"wp:attachment":[{"href":"https:\/\/twsites.com.br\/novomigcenter\/index.php?rest_route=%2Fwp%2Fv2%2Fmedia&parent=13125"}],"wp:term":[{"taxonomy":"product_brand","embeddable":true,"href":"https:\/\/twsites.com.br\/novomigcenter\/index.php?rest_route=%2Fwp%2Fv2%2Fproduct_brand&post=13125"},{"taxonomy":"product_cat","embeddable":true,"href":"https:\/\/twsites.com.br\/novomigcenter\/index.php?rest_route=%2Fwp%2Fv2%2Fproduct_cat&post=13125"},{"taxonomy":"product_tag","embeddable":true,"href":"https:\/\/twsites.com.br\/novomigcenter\/index.php?rest_route=%2Fwp%2Fv2%2Fproduct_tag&post=13125"}],"curies":[{"name":"wp","href":"https:\/\/api.w.org\/{rel}","templated":true}]}}